E/ ( 203): [ACDB RTC]->rtc init done!->result [0]
E/Diag_Lib( 203): actp_diag_init: call diag init function with B50181DD
E/ ( 203): [ACDB ACPH]->actp diag init done!
E/ACDB-LOADER( 203): done with conversion, anc config size is 148
E/ACDB-LOADER( 203): done with conversion, anc config size is 148
E/ACDB-LOADER( 203): done with conversion, anc config size is 148
E/ACDB-LOADER( 203): done with conversion, anc config size is 148
E/ACDB-LOADER( 203): done with conversion, anc config size is 74
E/ACDB-LOADER( 203): done with conversion, anc config size is 74
E/AndroidRuntime( 201): cannot open customer xml file
E/AndroidRuntime( 201): /system/csc/customer.xml can't open file
E/kickstart-qcks( 226): Couldn't find "/dev/mdm", 3 of 10
E/ICD ( 194): There is no file or permission.
E/BootAnimation( 613): Could not open '/sys/devices/w1_bus_master1/w1_master_check_id'
E/kickstart-qcks( 226): Couldn't find "/dev/mdm", 4 of 10
E/EmojiFactory_jni( 201): Failed to load libemoji.so: dlopen failed: library "libemoji.so" not found
E/kickstart-qcks( 226): Couldn't find "/dev/mdm", 5 of 10
E/QMI_FW ( 220): QMUXD: WARNING qmi_qmux_if_pwr_up_init failed! rc=-1
E/QMI_FW ( 220): QMUXD: WARNING qmi_qmux_if_pwr_up_init failed! rc=-1
E/QMI_FW ( 220): QMUXD: WARNING qmi_qmux_if_pwr_up_init failed! rc=-1
E/QC-time-services( 220): Daemon:genoff_modem_qmi_init: qmi_client_get_service_list returned -2num_services 0
E/kickstart-qcks( 226): Couldn't find "/dev/mdm", 6 of 10
E/kickstart-qcks( 226): Couldn't find "/dev/mdm", 7 of 10
E/Sensors ( 768): getName gyro_sensor name file open error.
E/GyroSensor( 768): GyroSensor : getName of gyro_sensor failed.
E/TemperatureHumiditySensor( 768): Failed to open send_accuracy sysfs
E/Sensors ( 768): sensors__get_sensors_list gyro_sensor name file open error.
E/MagneticSensor( 768): enable, 122, data_fd = -1
E/GyroSensor( 768): enable, 148, data_fd = -1
E/TemperatureHumiditySensor( 768): enable, 216, data_fd = -1
E/TemperatureHumiditySensor( 768): enable, 216, data_fd = -1
E/Sensors ( 768): sensors__get_sensors_list gyro_sensor name file open error.
E/Sensors ( 768): sensors__get_sensors_list gyro_sensor name file open error.
E/kickstart-qcks( 226): Couldn't find "/dev/mdm", 8 of 10
E/kickstart-qcks( 226): Couldn't find "/dev/mdm", 9 of 10
E/QMI_FW ( 220): QMUXD: WARNING qmi_qmux_if_pwr_up_init failed! rc=-1
E/QMI_FW ( 220): QMUXD: WARNING qmi_qmux_if_pwr_up_init failed! rc=-1
E/QMI_FW ( 220): QMUXD: WARNING qmi_qmux_if_pwr_up_init failed! rc=-1
E/QC-time-services( 220): Daemon:genoff_modem_qmi_init: qmi_client_get_service_list returned -2num_services 0
E/kickstart-qcks( 226): Couldn't find "/dev/mdm", 10 of 10
E/kickstart-qcks( 226): '/dev/mdm' was not found
E/kickstart-qcks( 226): ERROR: Can't bring MDM9K out of reset
E/alsa_ucm( 203): EC_REF_RX mixer ctl: SLIM_RX
E/alsa_ucm( 203): EC_REF_RX mixer ctl: SLIM_RX
E/alsa_ucm( 203): EC_REF_RX mixer ctl: SLIM_RX
E/alsa_ucm( 203): EC_REF_RX mixer ctl: SLIM_RX
E/alsa_mixer( 203): Control open failed
E/ ( 203): csd_client_service_init: Invalid rx device 0, setting to handset
E/ ( 203): csd_client_service_init: Invalid tx device 0, setting to handset
E/alsa_ucm( 203): Invalid current verb value: Inactive - -1
E/alsa_ucm( 203): No valid device Speaker found
E/alsa_ucm( 203): Control device not initialized
E/alsa_ucm( 203): Control device not initialized
E/alsa_pcm( 203): cannot open device '/dev/snd/pcmC0D0p', errno 2
E/ALSADevice( 203): open: Failed to initialize ALSA device 'hw:0,0'
E/AudioHardwareALSA( 203): Device open failed
E/QMI_FW ( 203): xport_open: socket creation failed - 1
E/AudioPolicyManagerBase( 203): Not output found for attached devices 00000003
E/AudioPolicyManagerBase( 203): Failed to open primary output
E/AudioPolicyManagerBase( 203): getDeviceForStrategy() speaker device not found for STRATEGY_SONIFICATION
E/AudioPolicyManagerBase( 203): getDeviceForStrategy() speaker device not found for STRATEGY_SONIFICATION
E/Audio_Control_CSC( 203): /system/csc/sales_code.dat ==> cannot open file
E/AudioPolicyService( 203): couldn't init_check the audio policy (No such device)
E/QMI_FW ( 220): QMUXD: WARNING qmi_qmux_if_pwr_up_init failed! rc=-1
E/QMI_FW ( 220): QMUXD: WARNING qmi_qmux_if_pwr_up_init failed! rc=-1
E/QMI_FW ( 220): QMUXD: WARNING qmi_qmux_if_pwr_up_init failed! rc=-1
E/QC-time-services( 220): Daemon:genoff_modem_qmi_init: qmi_client_get_service_list returned -2num_services 0
E/QMI_FW ( 220): QMUXD: WARNING qmi_qmux_if_pwr_up_init failed! rc=-1
E/QMI_FW ( 220): QMUXD: WARNING qmi_qmux_if_pwr_up_init failed! rc=-1
E/QMI_FW ( 220): QMUXD: WARNING qmi_qmux_if_pwr_up_init failed! rc=-1
E/QC-time-services( 220): Daemon:genoff_modem_qmi_init: qmi_client_get_service_list returned -2num_services 0
E/QMI_FW ( 220): QMUXD: WARNING qmi_qmux_if_pwr_up_init failed! rc=-1
E/QMI_FW ( 220): QMUXD: WARNING qmi_qmux_if_pwr_up_init failed! rc=-1
E/QMI_FW ( 220): QMUXD: WARNING qmi_qmux_if_pwr_up_init failed! rc=-1
E/QC-time-services( 220): Daemon:genoff_modem_qmi_init: qmi_client_get_service_list returned -2num_services 0
E/QC-time-services( 220): Daemon:genoff_modem_qmi_init:retry count exceeds limitQMI init failed continuing withoutserver
E/QC-time-services( 220): Daemon: QMI init failed, QMI calls inactive
E/QC-time-services( 220): Daemon: Time-services: Waiting to acceptconnection
E/QMI_FW ( 203): QMUXD: Service_id=20 not found over conn_id=0
E/QMI_FW ( 203): QMUXD: Service_id=20 not found over conn_id=18
E/QMI_FW ( 203): QMUXD: Service_id=20 not found over conn_id=37
E/QMI_FW ( 203): open_lookup_sock_fd: Lookup sock fd creation failed
E/QMI_FW ( 203): QMUXD: Service_id=20 not found over conn_id=0
E/QMI_FW ( 203): QMUXD: Service_id=20 not found over conn_id=18
E/QMI_FW ( 203): QMUXD: Service_id=20 not found over conn_id=37
E/SensorHubManager( 768): JNI: sensorhubs_get_next_module: getSensorHubList: count= 2
E/SensorHubManager( 768): JNI: sensorhubs_get_next_module: getSensorHubList: count= 2
E/SensorHubManager( 768): JNI: sensorhubs_enabledisable: delay= 0
E/EventHub( 768): could not get driver version for /dev/input/mice, Not a typewriter
E/ConnectivityService( 768): Error in networkAttributes - ignoring attempt to define type 17
E/ConnectivityService( 768): Ignoring protectedNetwork 14
E/MobileDataStateTracker( 768): default: Ignoring feature request because could not acquire PhoneService
E/MobileDataStateTracker( 768): default: Could not enable APN type "default"
F/SystemServer( 768): BOOT FAILURE Creating Connectivity Engine Service
F/SystemServer( 768): java.lang.ClassNotFoundException: Didn't find class "com.quicinc.cne.CNE" on path: DexPathList[[],nativeLibraryDirectories=[/vendor/lib, /system/lib]]
F/SystemServer( 768): at dalvik.system.BaseDexClassLoader.findClass(BaseDexClassLoader.java:56)
F/SystemServer( 768): at java.lang.ClassLoader.loadClass(ClassLoader.java:497)
F/SystemServer( 768): at java.lang.ClassLoader.loadClass(ClassLoader.java:457)
F/SystemServer( 768): at com.android.server.ServerThread.initAndLoop(SystemServer.java:572)
F/SystemServer( 768): at com.android.server.SystemServer.main(SystemServer.java:1263)
F/SystemServer( 768): at java.lang.reflect.Method.invokeNative(Native Method)
F/SystemServer( 768): at java.lang.reflect.Method.invoke(Method.java:515)
F/SystemServer( 768): at com.android.internal.os.ZygoteInit$MethodAndArgsCaller.run(ZygoteInit.java:1264)
F/SystemServer( 768): at com.android.internal.os.ZygoteInit.main(ZygoteInit.java:1080)
F/SystemServer( 768): at dalvik.system.NativeStart.main(Native Method)
E/SystemServer( 768): Failed to load CNE class
E/SystemServer( 768): java.lang.ClassNotFoundException: Didn't find class "com.quicinc.cne.CNE" on path: DexPathList[[],nativeLibraryDirectories=[/vendor/lib, /system/lib]]
E/SystemServer( 768): at dalvik.system.BaseDexClassLoader.findClass(BaseDexClassLoader.java:56)
E/SystemServer( 768): at java.lang.ClassLoader.loadClass(ClassLoader.java:497)
E/SystemServer( 768): at java.lang.ClassLoader.loadClass(ClassLoader.java:457)
E/SystemServer( 768): at com.android.server.ServerThread.initAndLoop(SystemServer.java:572)
E/SystemServer( 768): at com.android.server.SystemServer.main(SystemServer.java:1263)
E/SystemServer( 768): at java.lang.reflect.Method.invokeNative(Native Method)
E/SystemServer( 768): at java.lang.reflect.Method.invoke(Method.java:515)
E/SystemServer( 768): at com.android.internal.os.ZygoteInit$MethodAndArgsCaller.run(ZygoteInit.java:1264)
E/SystemServer( 768): at com.android.internal.os.ZygoteInit.main(ZygoteInit.java:1080)
E/SystemServer( 768): at dalvik.system.NativeStart.main(Native Method)
E/wpa_supplicant( 1981): wpa_driver_nl80211_driver_cmd: failed to issue private commands
E/WifiStateMachine( 768): Unexpected BatchedScanResults :null
E/wpa_supplicant( 1981): wpa_driver_nl80211_driver_cmd: failed to issue private commands
E/ActivityManager( 768): Attempt to launch receivers of broadcast intent Intent { act=android.net.ConnectivityService.action.PKT_CNT_SAMPLE_INTERVAL_ELAPSED flg=0x4 (has extras) } before boot completion

[Q] wifi disabled samsung GT-S5310

Hey I have a device that my wifi is blocked some how .
I tried to figure out where they made the block .
and finally I find some error logs that might help solve the mystery.
( removed some logs concerning the battery state)
Code:
06-02 02:06:24.780: I/WifiManager(2666): setWifiEnabled : true
06-02 02:06:24.780: E/WifiHW(1605): ##################### set firmware type 0 #####################
06-02 02:06:24.780: [COLOR="blue"]D/WifiStateMachine(1605): setWifiEnabled : WifiNative.setFwType(0)[/COLOR]
06-02 02:06:24.780: D/BatteryStatsImpl(1605): ++++++xy WakeLock start : pid=1605, name=, type=0, tid=5919, pid=1605, pName=null
06-02 02:06:24.780:[COLOR="blue"] D/WifiService(1605): setWifiEnabled: true pid=2666, uid=1000[/COLOR]
06-02 02:06:24.791: D/STATUSBAR-NetworkController(1703): onReceive() - RSSI_CHANGED_ACTION, WIFI_STATE, NETWORK_STATE
06-02 02:06:24.791: D/STATUSBAR-WifiQuickSettingButton(1703): Wifi onReceive(2)
06-02 02:06:24.791: D/STATUSBAR-QuickSettingButton(1703): Button DIM
06-02 02:06:24.831: [COLOR="Red"]E/WifiHW(1605): Cannot open "/data/.cid.info": No such file or directory[/COLOR]
06-02 02:06:24.831: E/WifiHW(1605): ==========[WIFI] Station firmware load ===========
06-02 02:06:24.861: I/System.out(1605): changing priority of pid :2784 to -8
06-02 02:06:24.861: I/System.out(1605): changing priority of pid :2784 to -8
06-02 02:06:24.861: I/System.out(1605): changing back the priority of pid:5619 to 0
06-02 02:06:24.861: I/System.out(1605): changing back the priority of pid:2814 to 0
06-02 02:06:24.871: I/System.out(1605): changing back the priority of pid:4334 to 0
06-02 02:06:24.901: I/LSS-II:(1605): proc out:org.kman.WifiManager,adj=0,i=43
06-02 02:06:24.901: I/System.out(1605): changing back the priority of pid:2784 to 0
06-02 02:06:24.901: I/System.out(1605): changing back the priority of pid:5619 to 0
06-02 02:06:24.911: I/System.out(1605): changing back the priority of pid:2814 to 0
06-02 02:06:24.911: I/System.out(1605): changing back the priority of pid:4334 to 0
06-02 02:06:26.342: D/Tethering(1605): interfaceAdded p2p0
06-02 02:06:26.342: D/Tethering(1605): p2p0 is not a tetherable iface, ignoring
06-02 02:06:26.352: D/Tethering(1605): interfaceLinkStateChanged p2p0, false
06-02 02:06:26.352: D/Tethering(1605): interfaceStatusChanged p2p0, false
06-02 02:06:26.382: W/Netd(1253): No subsystem found in netlink event
06-02 02:06:26.382: D/Tethering(1605): interfaceRemoved p2p0
06-02 02:06:26.382: E/Tethering(1605): attempting to remove unknown iface (p2p0), ignoring
06-02 02:06:26.382: D/NetlinkEvent(1253): Unexpected netlink message. type=0x11
06-02 02:06:26.752: D/MotionEngine(1605): [MotionEngine] -> PR_MOVE -> Move Recognition Lv(4)
06-02 02:06:26.752: D/MotionEngine(1605): [MotionEngine] -> Add2MotionEventQueue(Smart Alert Tutorial(98))
06-02 02:06:26.752: D/MotionEngine(1605): [@@@ Motion Engine @@@] Event num 98 Occured
06-02 02:06:26.792: E/WifiHW(1605):[COLOR="Red"] return of insmod : ret = -1, No such device[/COLOR]
06-02 02:06:26.792: E/WifiStateMachine(1605): Failed to load driver!
06-02 02:06:26.802: D/STATUSBAR-NetworkController(1703): onReceive() - RSSI_CHANGED_ACTION, WIFI_STATE, NETWORK_STATE
06-02 02:06:26.812: D/STATUSBAR-WifiQuickSettingButton(1703): Wifi onReceive(4)
06-02 02:06:26.812: D/STATUSBAR-QuickSettingButton(1703): Button OFF
06-02 02:06:26.822: D/MotionEngine(1605): [@@@ Motion Engine @@@] GetMotionScenarioId 0.016759 5.621585 9.009381 0.000000 0.000000 0.000000 51 20
06-02 02:06:26.822: E/WifiStateMachine(1605): DriverFailedState
Any help or advice will be appreciated

[Q] [HELP] understand my logcat

Hello, here is my problem,
I have always ported the miui rom to my thl w200 device.
in the latest builds, after porting it to my phone I get stuck at bootlogo.
I did a logcat but cant really find what causes this.
someone can look at it and help me?
--------- beginning of /dev/log/main
I/Resize ( 86): The size of data already meet the request.
I/Resize ( 86): Partition has been resized,so nothing to do!
D/ADB_SERVICES( 158): install_listener('tcp:5037','*smartsocket*')
D/ADB_SERVICES( 158): adb_main(): pre init_jdwp()
D/ADB_SERVICES( 158): adb_main(): post init_jdwp()
D/ADB_SERVICES( 158): Event loop starting
D/ADB_SERVICES( 158): transport: 0xf67520 init'ing for usb_handle 0xf67498 (sn='')
I/ADB_SERVICES( 158): transport: usb
D/ADB_SERVICES( 158): transport: (null) registered
D/ADB_SERVICES( 158): transport: (null) (16,17) starting
W/ADB_SERVICES( 158): (null): starting transport input thread, reading from fd 17
W/ADB_SERVICES( 158): (null): starting transport output thread on fd 17, SYNC online (2)
D/ADB_SERVICES( 158): recv: SYNC 00000001 00000002 0000
W/ADB_SERVICES( 158): (null): transport SYNC online
E/ccci_mdinit(0)( 121): md_init ver:1.00
E/ccci_mdinit(0)( 120): md_init ver:1.00
I/6620_launcher( 117): open device node succeed.(Node:/dev/stpwmt, fd:3)
I/6620_launcher( 117): keypersist.mtk.wcn.combo.chipid)-value0x6628),chipId:0x6628
I/6620_launcher( 117): index:1, chipId:0x6628
I/6620_launcher( 117): chiId:0x6628
I/6620_launcher( 117): index:1, chipId:0x6628
I/6620_launcher( 117): set chipId(0x6628) to HIF-SDIO module
I/6620_launcher( 117): Info:key:mt6620.defAnt value:mt6620_ant_m3.cfg
I/6620_launcher( 117): Info:key:mt6628.defAnt value:mt6628_ant_m1.cfg
I/6620_launcher( 117): NULL is returned, eighter EOF or error maybe found
I/6620_launcher( 117): close /system/etc/firmware/WMT.cfg succeed
I/6620_launcher( 117): index:1, chipId:0x6628
I/6620_launcher( 117): STP Mode is not set, fetching default mode...
I/6620_launcher( 117): chipId(0x6628), default Mode(1), strlen(gWmtCfgName)(39), wmtCfgFile(/system/etc/firmware//mt6628_ant_m1.cfg)
I/6620_launcher( 117): HifConfig:0x0001, wmtCfgFile:/system/etc/firmware//mt6628_ant_m1.cfg
I/6620_launcher( 117): keyro.build.type)-valueuser)
I/6620_launcher( 117): MCU patch folder path: /system/etc/firmware/
I/6620_launcher( 117): Common Interface: UART mode
I/6620_launcher( 117): MCU patch folder path: /system/etc/firmware/
I/6620_launcher( 117): Common Interface: UART mode
I/6620_launcher( 117): uart name ttyMT2
D/MsensorDaemon( 151): Msensor deamon statr!!!!!!!!!!!!
D/MsensorDaemon( 151): msensor demon start process detect demon name = memsicd3416x
D/MsensorDaemon( 151):
D/MsensorDaemon( 151): msensor demon start process detect demon prop = init.svc.memsicd3416x
D/MsensorDaemon( 151):
D/MsensorDaemon( 151): start_msensor_demon
D/MsensorDaemon( 151): HAVE_LIBC_SYSTEM_PROPERTIES
E/MsensorDaemon( 151): [99] ''
D/permission_check( 145): permission check ver:0.01
D/permission_check( 145): Empty, not decrypt!
D/permission_check( 145): change_md_nvram_attr++
--------- beginning of /dev/log/system
E/POAD ( 155): boot_mode = 0
E/POAD ( 155): update boot reason = 0
D/permission_check( 145): new_ver file exist!!!
D/permission_check( 145): change_md_nvram_attr--0
I/stp_dump( 143): ==>main
I/stp_dump( 143): stp_dump_ctrl_iface_trace_logger_sendto_fd succeed
E/stp_dump( 143): [STP_DBG] family id = 19
I/stp_dump( 143): sending dummy command
I/stp_dump( 143): set sock number to 9
I/stp_dump( 143): addr.sun_path:stp_DIR=/data/misc/stp_dump GROUP=stp
I/stp_dump( 143): Using existing control interface directory.
E/stp_dump( 143): mkdir (/data/misc/stp_dump) succeed
I/stp_dump( 143): ctrl_interface_group=1000 (from group name 'stp')
I/stp_dump( 143): chown (/data/misc/stp_dump) succeed
I/stp_dump( 143): CTRL: chmod[/data/misc/stp_dump] succeed
E/stp_dump( 143): ctrl_iface bind(PF_UNIX) failed: Address already in use
E/stp_dump( 143): ctrl_iface exists, but does not allow connections - assuming it was leftover from forced program termination
D/stp_dump( 143): Successfully replaced leftover ctrl_iface socket '/data/misc/stp_dump/stpd'
I/stp_dump( 143): set sock number to 10
I/stp_dump( 143): stp_dump_ctrl_iface_init succeed.
I/stp_dump( 143): ==>main222
I/busybox ( 114): run-parts: /system/etc/init.d: No such file or directory
D/wlanLoader( 144): checkSupport 0x6628
D/wlanLoader( 144): Match 0x6628
D/wlanLoader( 144): Get the correct chip version mt6628
D/wlanLoader( 144): Get chip Version mt6628.
D/wlanLoader( 144): DRIVER_MODULE_PATH is /system/lib/modules/wlan_mt6628.ko
D/MsensorDaemon( 151): HAVE_LIBC_SYSTEM_PROPERTIES
D/MsensorDaemon( 151): memsicd3416x running
D/MsensorDaemon( 151): Msensor deamon2 statr!!!!!!!!!!!!
D/MsensorDaemon( 151): open demon attr err = No such file or directory
E/stp_dump( 143): table == NULL || table->table == NULL
E/stp_dump( 143): table == NULL || table->table == NULL
D/wlanLoader( 144): Success to insmod the /system/lib/modules/wlan_mt6628.ko
I/thermal_repeater( 154): START+++++++++ 154
I/thermal_repeater( 154): Success to write 154 to /proc/wmt_tm/tm_pid
I/thermal_repeater( 154): Fail to chmod ffffffff
I/thermal_repeater( 154): Enter infinite loop
I/AEE/AED ( 122): Built Jan 30 2013 19:35:15
D/AEE/AED ( 122): ChangeAEEWorkMode: 3
I/AEE/AED ( 122): AED config
I/AEE/AED ( 122): mode '3'
I/AEE/AED ( 122): exp level '1
I/AEE/AED ( 122): dal enable '0'
I/AEE/AED ( 122): db count '20'
I/AEE/AED ( 122): db storage '1'
I/AEE/AED ( 122): SMP Info => 1
I/MobileLogD( 123): [void change_permission()] set mobile_log_d is in root user, adjust caps for its thread
I/MobileLogD( 123): mobilelog start after boot, mode:0
D/MobileLogD/cache( 123): init cache configure items....
D/MobileLogD/cache( 123): value of ro.build.type:user.
I/installd( 140): installd firing up
D/PQ ( 130): PQ init start...
D/PQ ( 130): PQ test...
I/ ( 137): ServiceManager: 0x41661698
D/PQ ( 130): PQ init end !
E/AEE/LIBAEE( 122): Can't remove file /sdcard/mtklog/aee_exp/temp: No such file or directory
E/AEE/LIBAEE( 122): Can't remove file /data/aee_exp/temp: No such file or directory
V/AEE/AED ( 122): ETB buffer length = 512
I/AEE/AED ( 122): wdt_status = 2, fiq_step=0
I/AEE/AED ( 122): reboot_reason = 0
V/AEE/AED ( 122): ETM start
D/installd( 140): LBE is enabled, starting...
D/NVRAM ( 152): NvRAMAgent created
E/NVRAM ( 152): Haman, serviceManager work well
D/NVRAM ( 152): NvRAMAgent Service is now ready
I/DPFD ( 149): [DPFD] main start ...
I/DPFD ( 149): [DPFD] set priority to RR:268435540
I/DPFD ( 149): [int adjustPriority()] set dpfd is in root user, adjust caps for its thread
D/DPFD ( 149): [DPFD] Wait Request.....
I/DMAgent ( 147): DMAgent created
I/DMAgent ( 147): [DMAgent]register OK.
D/DMAgent ( 147): DMAgent Service is now ready
D/MobileLogD( 123): write "mobilelog start after boot, mode:0" to mblog
E/installd( 140): Failed to load liblbesec.so
I/installd( 140): add service shelld success!
W/installd( 140): service start entry 'shelld', flag :0
W/installd( 140): starting 'shelld'
E/ccci_fsd(0)( 118): md_fsd Ver:v1.00
I/Hald ( 133): Hald 1.1011 starting
D/ccci_fsd(1)( 118): /dev/ccci_fs is opend(600).
D/ccci_fsd(1)( 118): Check OTP...
D/Hald ( 133): Create ResetManager
D/Hald ( 133): Size of initial message: 6
D/Hald ( 133): [MTK_WIFI] family id = 20
D/Hald ( 133): Reset Manager Prepare Dummy command
D/Hald ( 133): Reset Manager Send Command for binding
D/Hald ( 133): Start ResetManager
E/ccci_fsd(0)( 119): md_fsd Ver:v1.00
E/ccci_fsd(2)( 119): /dev/ccci2_fs is not enabled(2).
D/MobileLogD/cache( 123): config autostart=0 same as current value
D/MobileLogD/cache( 123): config logpath=/mnt/sdcard same as current value
D/MobileLogD/cache( 123): config logsize=300 same as current value
D/MobileLogD/cache( 123): config AndroidLog=1 same as current value
D/MobileLogD/cache( 123): config KernelLog=1 same as current value
D/MobileLogD/cache( 123): config BTLog=1 same as current value
D/MobileLogD/cache( 123): config BTLog=1 same as current value
E/MobileLogD/cache( 123): cant get true log path through property
E/MobileLogD/cache( 123): true path is /mnt/sdcard
D/MobileLogD( 123): create local socket server success
D/Vold ( 116): Check whether nvram restore ready!
D/NVRAM ( 128): g_i4CFG_File_Count: 25
D/NVRAM ( 128): NVM_Init Max Lid: 43
D/NVRAM ( 128): Total nvram Lid number is 43
I/Netd ( 125): Netd 1.0 starting
W/InterfaceController( 125): Warning (Cannot load library: load_library(linker.cpp:745): library "/system/lib/libnetcmdiface.so" not found) while opening the net interface command library
D/agps ( 142): [agps] WARNING: [Main] mtk_agpsd is running ver=0.46
D/agps ( 142): [agps] WARNING: [Main] mkdir failure for /data/agps_supl/log reason=[File exists]
D/MtkAgpsNative( 142): SuplRawLog.bEnable:0
D/MtkAgpsNative( 142): SuplRawLog.szPath:/sdcard
D/MtkAgpsNative( 142): SuplRawLog.szFile:agps_raw.log
D/MtkAgpsNative( 142): SuplSslLog.bEnable:0
D/MtkAgpsNative( 142): SuplSslLog.szPath:/sdcard
D/MtkAgpsNative( 142): SuplSslLog.szFile:agps_ssl.log
I/MtkAgpsNative( 142): Enter up_int_init
I/MtkAgpsNative( 142): Enter mtk_agps_up_init
D/MtkAgpsNative( 142): FS_CreateDir: /data/agps_supl
W/MtkAgpsNative( 142): -> errno(EEXIST) => dir already exists
D/MtkAgpsNative( 142): ############ mtk_agps_up_init --> agps_disable_enalbe_times = 1 ############
Click to expand...
Click to collapse

Categories

Resources