D/MmsSmsDatabaseHelper( 2743): [MmsSmsDb] tableName: pdu hasAutoIncrement: CREATE TABLE pdu (_id INTEGER PRIMARY KEY AUTOINCREMENT,thread_id INTEGER,date INTEGER,date_sent INTEGER DEFAULT 0,msg_box INTEGER,read INTEGER DEFAULT 0,m_id TEXT,sub TEXT,sub_cs INTEGER,ct_t TEXT,ct_l TEXT,exp INTEGER,m_cls TEXT,m_type INTEGER,v INTEGER,m_size INTEGER,pri INTEGER,rr INTEGER,rpt_a INTEGER,resp_st INTEGER,st INTEGER,tr_id TEXT,retr_st INTEGER,retr_txt TEXT,retr_txt_cs INTEGER,read_status INTEGER,ct_cls INTEGER,resp_txt TEXT,d_tm INTEGER,d_rpt INTEGER,locked INTEGER DEFAULT 0,sub_id INTEGER DEFAULT -1, phone_id INTEGER DEFAULT -1, seen INTEGER DEFAULT 0,creator TEXT,text_only INTEGER DEFAULT 0) result: true
D/MmsSmsDatabaseHelper( 2743): [getWritableDatabase] hasAutoIncrementThreads: true hasAutoIncrementAddresses: true hasAutoIncrementPart: true hasAutoIncrementPdu: true
---
I/ActivityManager( 2225): Start proc 3598:com.android.cellbroadcastreceiver/u0a5 for broadcast com.android.cellbroadcastreceiver/.CellBroadcastReceiver
D/CellBroadcastReceiver( 3598): onReceive Intent { act=android.intent.action.SERVICE_STATE flg=0x10 cmp=com.android.cellbroadcastreceiver/.CellBroadcastReceiver (has extras) }
D/CellBroadcastReceiver( 3598): Intent ACTION_SERVICE_STATE_CHANGED
D/CellBroadcastReceiver( 3598): Service state changed! 3 Full: 3 3 voice home data home null null null null null null Unknown Unknown CSS not supported -1 -1 RoamInd=-1 DefRoamInd=-1 EmergOnly=false Current state=-1
I/ActivityManager( 2225): Killing 2826:android.process.acore/u0a6 (adj 15): empty #17
D/CellBroadcastReceiver( 3598): onReceive Intent { act=android.intent.action.ACTION_SUBINFO_RECORD_UPDATED flg=0x10 cmp=com.android.cellbroadcastreceiver/.CellBroadcastReceiver }
D/SIP ( 2743): [SipSharedPreferences] isReceivingCallsEnabled, option not set; use default value, exception: android.provider.Settings$SettingNotFoundException: sip_receive_calls
E/PhoneInterfaceManager( 2743): [PhoneIntfMgr] getIccId: No UICC
...
D/Yamaha-MC1N2-Audio( 1862): yamaha_mc1n2_audio_route_start()
E/WhisperPush( 3531): GcmRecurringRegistration
E/WhisperPush( 3531): java.io.IOException: SERVICE_NOT_AVAILABLE
E/WhisperPush( 3531): at com.google.android.gms.gcm.GoogleCloudMessaging.register(Unknown Source)
E/WhisperPush( 3531): at org.whispersystems.whisperpush.gcm.GcmHelper.getRegistrationId(GcmHelper.java:65)
E/WhisperPush( 3531): at org.whispersystems.whisperpush.WhisperPush$1.doInBackground(WhisperPush.java:52)
E/WhisperPush( 3531): at org.whispersystems.whisperpush.WhisperPush$1.doInBackground(WhisperPush.java:48)
E/WhisperPush( 3531): at android.os.AsyncTask$2.call(AsyncTask.java:292)
E/WhisperPush( 3531): at java.util.concurrent.FutureTask.run(FutureTask.java:237)
E/WhisperPush( 3531): at android.os.AsyncTask$SerialExecutor$1.run(AsyncTask.java:231)
E/WhisperPush( 3531): at java.util.concurrent.ThreadPoolExecutor.runWorker(ThreadPoolExecutor.java:1112)
E/WhisperPush( 3531): at java.util.concurrent.ThreadPoolExecutor$Worker.run(ThreadPoolExecutor.java:587)
E/WhisperPush( 3531): at java.lang.Thread.run(Thread.java:818)
W/ActivityManager( 2225): Unable to start service Intent { act=com.google.android.gms.analytics.service.START cmp=com.google.android.gms/.analytics.service.AnalyticsService (has extras) } U=0: not found
W/GAV3 ( 3553): Thread[GAThread,5,main]: Service unavailable (code=1), will retry.
I/GAV3 ( 3553): Thread[GAThread,5,main]: No campaign data found.
I/GlobalDismissManager( 3437): no sender configured
...
W/ActivityManager( 2225): Unable to start service Intent { act=com.google.android.gms.analytics.service.START cmp=com.google.android.gms/.analytics.service.AnalyticsService (has extras) } U=0: not found
W/GAV3 ( 3553): Thread[Service Reconnect,5,main]: Service unavailable (code=1), using local store.
USSD-Codes:
Code:
D/Yamaha-MC1N2-Audio( 1862): yamaha_mc1n2_audio_output_start()
D/Yamaha-MC1N2-Audio( 1862): yamaha_mc1n2_audio_route_start()
D/Yamaha-MC1N2-Audio( 1862): (yamaha_mc1n2_audio_params_route_find): device = 2, direction = 0
W/AudioTrack( 2225): AUDIO_OUTPUT_FLAG_FAST denied by client
E/AudioTrack( 2225): AudioTrack::set : Exit
I/ActivityManager( 2225): START u0 {act=android.intent.action.CALL_PRIVILEGED dat=tel:xxxxx cmp=com.android.server.telecom/.PrivilegedCallActivity (has extras)} from uid 10008 on display 0
V/WindowManager( 2225): addAppToken: AppWindowToken{3e3087eb token=Token{534ff3a ActivityRecord{d949665 u0 com.android.server.telecom/.PrivilegedCallActivity t77}}} to stack=1 task=77 at 1
E/SpannableStringBuilder( 3876): SPAN_EXCLUSIVE_EXCLUSIVE spans cannot have a zero length
I/Telecom ( 2225): CallReceiver: onReceive - isUnknownCall: false
I/Telecom ( 2225): Call: setTargetPhoneAccount ComponentInfo{com.android.phone/com.android.services.telephony.TelephonyConnectionService}, [f8237xxxxxxxxxxxxxxx], UserHandle{0}
V/GpsNetInitiatedHandler( 2225): ACTION_NEW_OUTGOING_CALL - false
I/Telecom ( 2225): Call: CallerInfo received for *****: [email protected] { name null, phoneNumber non-null }
W/InputMethodManagerService( 2225): Window already focused, ignoring focus gain of: [email protected] [email protected], token = [email protected]
D/DialpadFragment( 3876): Displaying normal Dialer UI.
D/DialpadFragment( 3876): Displaying normal Dialer UI.
I/Telecom ( 2225): CallsManager: Creating a new outgoing call with handle: *****
I/Telecom ( 2225): CallsManager: updateLchStatus subInConversation: 5000
I/Telecom ( 2225): CreateConnectionProcessor: Trying attempt CallAttemptRecord(ComponentInfo{com.android.phone/com.android.services.telephony.TelephonyConnectionService}, [f8237xxxxxxxxxxxxxxxxxxxx], UserHandle{0},ComponentInfo{com.android.phone/com.android.services.telephony.TelephonyConnectionService}, [f8237xxxxxxxxxxxxxxxxxx], UserHandle{0})
I/Telecom ( 2225): CreateConnectionProcessor: Attempting to call from ComponentInfo{com.android.phone/com.android.services.telephony.TelephonyConnectionService}
I/Telecom ( 2225): ServiceBinderConnection: Service bound ComponentInfo{com.android.phone/com.android.services.telephony.TelephonyConnectionService}
I/Telephony( 2743): TelephonyConnectionService: onCreateOutgoingConnection, request: ConnectionRequest xxxxxxxxxxx Bundle[mParcelledData.dataSize=96]
I/Telecom ( 2225): ConnectionServiceWrapper: Service unbound ComponentInfo{com.android.phone/com.android.services.telephony.TelephonyConnectionService}, from unbind.
I/Telecom ( 2225): CallsManager: setCallState CONNECTING -> DISCONNECTED, call: [881702855, CONNECTING, null, *****, 0, childs(0), has_parent(false), [[Capabilities:]], false, ComponentInfo{com.android.phone/com.android.services.telephony.TelephonyConnectionService}, [f8237xxxxxxxxxxxxxxxxxxxxxxx], UserHandle{0} 0]
I/Telecom ( 2225): CallsManager: entered manageMSimInCallTones
I/Telecom ( 2225): CallsManager: updateLchStatus subInConversation: null
I/Telecom ( 2225): CallsManager: setActiveSubscription = null
I/Telecom ( 2225): CallsManager: entered manageMSimInCallTones
I/Timeline( 3876): Timeline: Activity_idle id: [email protected] time:1476741
Searching for networks:
Code:
D/Yamaha-MC1N2-Audio( 1862): yamaha_mc1n2_audio_output_start()
D/Yamaha-MC1N2-Audio( 1862): yamaha_mc1n2_audio_route_start()
D/Yamaha-MC1N2-Audio( 1862): (yamaha_mc1n2_audio_params_route_find): device = 2, direction = 0
V/WindowManager( 2225): not Base app: Adding window Window{a3df74b u0 com.android.phone/com.android.phone.NetworkSetting} at 6 of 9
I/NotificationService( 2225): cancelToast pkg=com.android.phone [email protected]
W/NotificationService( 2225): Toast already cancelled. pkg=com.android.phone [email protected]
W/InputMethodManagerService( 2225): Window already focused, ignoring focus gain of: [email protected] attribute=null, token = [email protected]
Maybe this is a problem with the /efs - partition. hxxp://redmine.replicant.us/boards/9/topics/8841?r=9483 . The owner of most files in /efs is root or system, not radio
Code:
[email protected]:/ # ls -la /efs/
ls -la /efs/
-rw-r--r-- root root 1 2011-01-01 01:00 .nv_state
drwxrwxr-x radio system 2000-01-01 01:09 bluetooth
-rw-r--r-- system system 9 2010-12-31 22:02 cryptprop_applied_result
-rw-r--r-- root root 1 2010-12-31 22:00 cryptprop_rebootMode
drwx------ system system 2010-12-31 22:01 dmp
-rw-rw-rw- system system 256 2014-06-06 10:33 edk_p
-rw-r--r-- root root 2354 2011-01-01 01:00 nv.log
-rw-r--r-- root root 32 2010-12-31 22:13 nv_data.bin.md5
-rw-r--r-- root root 880 2010-12-31 16:02 redata.bin
-rw-r--r-- root root 1 2013-02-12 07:00 upgaddr
drwxrwxr-x radio system 2000-01-01 01:13 wifi
Activation of mobile network in settings:
Code:
D/Yamaha-MC1N2-Audio( 1861): yamaha_mc1n2_audio_route_start()
D/MccTable( 2753): updateMccMncConfiguration mccmnc='null' fromServiceState=true
D/MccTable( 2753): WIFI_COUNTRY_CODE set to
I/WifiService( 2226): WifiService trying to set country code to with persist set to true
E/WifiStateMachine( 2226): Ignoring resetting of country code
D/KeyguardUpdateMonitor( 2369): ACTION_SERVICE_STATE_CHANGED on sub: 5000 mServiceState: 1 1 voice home data home null null null null null null Unknown Unknown CSS not supported -1 -1 RoamInd=-1 DefRoamInd=-1 EmergOnly=false
D/GpsLocationProvider( 2226): received SIM realted action:
D/GpsLocationProvider( 2226): SIM MCC/MNC is still not available
W/sh ( 4104): type=1400 audit(0.0:237): avc: denied { write } for name="log" dev=mmcblk0p10 ino=73730 scontext=u:r:rild:s0 tcontext=u:object_r:system_data_file:s0 tclass=dir
I/MmsService( 2753): MmsConfigManager.loadInBackground(): mcc/mnc: 262/3
I/Telephony( 2753): PstnIncomingCallNotifier: Unregistering: Handler (com.android.internal.telephony.gsm.GSMPhone) {2f88d477}
D/Telephony( 2753): PstnPhoneCapabilitiesNotifier: Unregistering: Handler (com.android.internal.telephony.gsm.GSMPhone) {2f88d477}
E/MmsService( 2753): MmsConfigManager.load -- empty getActiveSubInfoList
D/Telephony( 2753): TelecomAccountRegistry: Found 1 phones. Attempting to register.
D/Telephony( 2753): TelecomAccountRegistry: Phone with subscription id 5000
E/PhoneInterfaceManager( 2753): [PhoneIntfMgr] getIccId: ICC ID is null or empty.
D/Telephony( 2753): AccountEntry: Registered phoneAccount: [PhoneAccount: ComponentInfo{com.android.phone/com.android.services.telephony.TelephonyConnectionService}, [f8237xxxxxxxxxxxxxxxxxxxx], UserHandle{0} Capabilities: 54 Schemes: tel voicemail ] with handle: ComponentInfo{com.android.phone/com.android.services.telephony.TelephonyConnectionService}, [f8237xxxxxxxxxxxxxxxxxxxxxxxx], UserHandle{0}
I/Telephony( 2753): PstnIncomingCallNotifier: Registering: Handler (com.android.internal.telephony.gsm.GSMPhone) {2f88d477}
D/Telephony( 2753): PstnPhoneCapabilitiesNotifier: Registering: Handler (com.android.internal.telephony.gsm.GSMPhone) {2f88d477}
D/CallNotifier( 2753): onReceive...
D/PhoneStatusBarPolicy( 2369): updateSimState for subId :5000
D/PhoneStatusBarPolicy( 2369): updateSimState for phoneId :0
D/PhoneStatusBarPolicy( 2369): updateSimState for Slot :0
D/Telephony( 2753): PstnPhoneCapabilitiesNotifier: handleVideoCapabilitesChanged. Video capability - false
D/CellBroadcastReceiver( 3604): onReceive Intent { act=android.intent.action.SERVICE_STATE flg=0x10 cmp=com.android.cellbroadcastreceiver/.CellBroadcastReceiver (has extras) }
D/CellBroadcastReceiver( 3604): Intent ACTION_SERVICE_STATE_CHANGED
D/CellBroadcastReceiver( 3604): Service state changed! 1 Full: 1 1 voice home data home null null null null null null Unknown Unknown CSS not supported -1 -1 RoamInd=-1 DefRoamInd=-1 EmergOnly=false Current state=-1
D/CellBroadcastReceiver( 3604): onReceive Intent { act=android.intent.action.ACTION_SUBINFO_RECORD_UPDATED flg=0x10 cmp=com.android.cellbroadcastreceiver/.CellBroadcastReceiver }
E/PhoneInterfaceManager( 2753): [PhoneIntfMgr] getIccId: ICC ID is null or empty.
I/art ( 2226): Background partial concurrent mark sweep GC freed 21767(1433KB) AllocSpace objects, 6(196KB) LOS objects, 20% free, 15MB/19MB, paused 2.154ms total 179.409ms
D/GpsLocationProvider( 2226): received SIM realted action:
D/GpsLocationProvider( 2226): SIM MCC/MNC is still not available
I/MediaFocusControl( 2226): AudioFocus abandonAudioFocus() from [email protected][email protected]
I/HeadsetService( 2686): Audio session removed: 18
I/MediaFocusControl( 2226): AudioFocus abandonAudioFocus() from [email protected][email protected]

Categories

Resources