[Q] Logcat problem ?? - Android Q&A, Help & Troubleshooting

hi everybody
i need help with this logcat.
i really need help right now
main problem is here
Code:
I/Netd ( 2153): Netd 1.0 starting
W/InterfaceController( 2153): Warning (Cannot load library: load_library(linker.
cpp:771): library "/system/lib/libnetcmdiface.so" not found) while opening the n
et interface command library
D/libEGL ( 2151): loaded /system/lib/egl/libEGL_adreno200.so
D/libEGL ( 2151): loaded /system/lib/egl/libGLESv1_CM_adreno200.so
D/libEGL ( 2151): loaded /system/lib/egl/libGLESv2_adreno200.so
I/Adreno200-EGL( 2151): <qeglDrvAPI_eglInitialize:294>: EGL 1.4 QUALCOMM build:
AU_LINUX_ANDROID_JB.04.01.01.00.036_msm8960_JB_CL2644550_release_AU (CL2644550)
I/Adreno200-EGL( 2151): Build Date: 07/31/12 Tue
I/Adreno200-EGL( 2151): Local Branch:
I/Adreno200-EGL( 2151): Remote Branch: quic/master
I/Adreno200-EGL( 2151): Local Patches: NONE
I/Adreno200-EGL( 2151): Reconstruct Branch: AU_LINUX_ANDROID_JB.04.01.01.00.036
+ NOTHING
E/Trace ( 2151): error opening trace file: No such file or directory (2)
D/memalloc( 2143): init_pmem_area: Initializing pmem area
D/memalloc( 2143): init_pmem_area_locked: Opening master pmem FD
D/memalloc( 2143): init_pmem_area_locked: Total pmem size: 18874368
E/Netd ( 2153): exec() res=65280 for /system/bin/iptables -t filter -N oem_ou
t
E/Netd ( 2153): exec() res=65280 for /system/bin/ip6tables -t filter -N oem_o
ut
F/libc ( 2225): Fatal signal 7 (SIGBUS) at 0x400c32d0 (code=2), thread 2225 (
iptables)
I/Netd ( 2229): Netd 1.0 starting
W/InterfaceController( 2229): Warning (Cannot load library: load_library(linker.
cpp:771): library "/system/lib/libnetcmdiface.so" not found) while opening the n
et interface command library
D/MDnsDS ( 2229): MDnsSdListener::Hander starting up
D/MDnsDS ( 2229): MDnsSdListener starting to monitor
D/MDnsDS ( 2229): Going to poll with pollCount 1
D/libc ( 1667): pt_debug : pthread_create->start_routine= 0xf4dd, tls=0x406f
9f00, arg=0xed5680
D/libc ( 1667): pt_debug : __thread_entry->func= 0xf4dd
D/libc ( 1667): , tls=0x406f9f00, arg=0xed5680
I/Netd ( 2443): Netd 1.0 starting
W/InterfaceController( 2443): Warning (Cannot load library: load_library(linker.
cpp:771): library "/system/lib/libnetcmdiface.so" not found) while opening the n
et interface command library
I/DEBUG ( 1505): timed out waiting for tid=2151 to die
I/DEBUG ( 1505): ptrace detach from 2151 failed: No such process
I/DEBUG ( 1505): debuggerd committing suicide to free the zombie!
I/DEBUG ( 2503): debuggerd: Jul 3 2013 11:35:05
D/MDnsDS ( 2443): MDnsSdListener::Hander starting up
D/MDnsDS ( 2443): MDnsSdListener starting to monitor
D/MDnsDS ( 2443): Going to poll with pollCount 1

Related

Wlan error when install aosp rom to my phone.

All 2.1 rom I tried it produces this error. (Sense-ui does not do it)
When I activate the wireless LAN, the phone shuts down the system process, and after a while the phone restarts.
I also went through several forums and everywhere, it was considered that the nearby AccessPoint-s one of the causes. Probably not good characters with ssid.
So critical, because the only place where I can use wireless LAN (home), and also hangs in the firmware.
This is a log:
Here is relevant part of logcat:
D/HomeLoaders( 757): ----> items cloned, ready to refresh UI
I/wpa_supplicant( 445): CTRL-EVENT-SCAN-RESULTS Ready
W/dalvikvm( 689): JNI WARNING: illegal continuation byte 0xa
W/dalvikvm( 689): string: 'bssid / frequency / signal level / flags / ssid
W/dalvikvm( 689): 00:1d:0f:b2:7c:9e 2417 -53 [WPA2-PSK-CCMP] sHome
W/dalvikvm( 689): 00:60:b3:2a:5a:87 2437 -91 PRAHA9.NET-R14-1
W/dalvikvm( 689): 00:02:72:7e:20:e5 2462 -92 Moje sÝŁ
W/dalvikvm( 689): 00:1b:9e:ef:1f:e7 2412 -93 [WEP] VOIP'
W/dalvikvm( 689): in Landroid/net/wifi/WifiNative;.scanResultsCommand
()Ljava/lang/String; (NewStringUTF)
I/dalvikvm( 689): "android.server.ServerThread" prio=5 tid=15 NATIVE
I/dalvikvm( 689): | group="main" sCount=0 dsCount=0 s=N obj=0x43c9b7e0 self=0x11e6b0
I/dalvikvm( 689): | sysTid=697 nice=-2 sched=0/0 cgrp=unknown handle=1173448
I/dalvikvm( 689): at android.net.wifi.WifiNative.scanResultsCommand(Nat ive Method)
I/dalvikvm( 689): at com.android.server.WifiService.getScanResults(Wifi
Service.java:1113)
I/dalvikvm( 689): at android.net.wifi.WifiManager.getScanResults(WifiMa
nager.java:538)
I/dalvikvm( 689): at com.google.android.location.NetworkLocationProvide
r$2.onReceive(NetworkLocationProvider.java:393)
I/dalvikvm( 689): at android.app.ActivityThread$PackageInfo$ReceiverDis
patcher$Args.run(ActivityThread.java:754)
I/dalvikvm( 689): at android.os.Handler.handleCallback(Handler.java:587 )
I/dalvikvm( 689): at android.os.Handler.dispatchMessage(Handler.java:92 )
I/dalvikvm( 689): at android.os.Looper.loop(Looper.java:123)
I/dalvikvm( 689): at com.android.server.ServerThread.run(SystemServer.j ava:444)
I/dalvikvm( 689):
E/dalvikvm( 689): VM aborting
I/DEBUG ( 682): *** *** *** *** *** *** *** *** *** *** *** *** *** *** *** ***
I/DEBUG ( 682): Build fingerprint: 'google/passion/passion/mahimahi:2.1-
update1/ERE27/24178:user/release-keys'
I/DEBUG ( 682): pid: 689, tid: 697 >>> system_server <<<
I/DEBUG ( 682): signal 11 (SIGSEGV), fault addr deadd00d
I/DEBUG ( 682): r0 00000358 r1 afe1339d r2 0000000c r3 deadd00d
I/DEBUG ( 682): r4 00000026 r5 4594ed6c r6 fffe59bc r7 fffe59bc
I/DEBUG ( 682): r8 4594fd88 r9 427f3db4 10 427f3da0 fp 0011e6b0
I/DEBUG ( 682): ip ad080160 sp 4594ed10 lr afe1435d pc ad03549a cpsr 20000030
I/MediaUploader( 739): No need to wake up
I/ActivityManager( 689): Start proc com.esmertec.android.jbed for broadcast
com.esmertec.android.jbed/.BootCompleteReceiver: pid=859 uid=10025 gids={
3003, 1006}
D/MediaScannerService( 747): start scanning volume internal
Please help me if you can, and many other users!

[Q] Boot Loop CM9 for Allwinner A10

Hi,
Tablet hangs in Bootloop after installed cm9_nightly_20120721 + protab2xxl_compatibility_1.2.0 startet from cwm 6.0.1.0.
Noticed that the "/data" partition only has 15MB of Space with 0B Byte free. I wiped the cache after installation with cwm, i am not able to boot to cwm again because key combinations not work on this device.
Got a T15A Generic tablet which has the same Hardware than protab 2 xxl, Goclever A103, Coby 1042 etc...
Any idear how to get CM9 or CM10 running?
Code:
--------- beginning of /dev/log/main
I/cm ( 70): Welcome to Android 4.0.4 / CyanogenMod-9-20120721-UNOFFICIAL-907
I/cm ( 71): _
I/cm ( 72): __ __ _ ___ _ _ __ ___ __ _ _ _ _ __ __))
I/cm ( 73): ((_ \(/'((_( ((\( ((_)((_( (('((\( ((`1( ((_)((_(
I/cm ( 74): )) _))
I/cm ( 75):
I/run-parts( 65): done Additional Modules Autoload
I/run-parts( 65): done Virtual Memory Parameter Tweaks
I/run-parts( 65): /system/etc/init.d/04mount[7]: cannot create /sys/devices/virtual/bdi/179:0/read_ahead_kb: No such file or directory
I/run-parts( 65): done Internal Storage Speed Fix
I/run-parts( 65): done devlistener started
I/run-parts( 65): done USB Audio Modules Autoload
--------- beginning of /dev/log/system
I/USB3G ( 109): usb 3g monitor v0.1 start
E/NetlinkEvent( 89): NetlinkEvent::FindParam(): Parameter 'DEVNAME' not found
D/DevListener( 89): Changed the permission of file /sys/devices/platform/sunxi-rfkill.0/rfkill/rfkill0/state to 666
I/DEBUG ( 100): debuggerd: Jul 21 2012 09:15:10
E/NetlinkEvent( 89): NetlinkEvent::FindParam(): Parameter 'DEVNAME' not found
I/USB3G ( 109): event { 'add', '/devices/platform/sw_hcd_host0/usb1', 'usb', '', 189, 0 }
I/USB3G ( 109): event { 'add', '/devices/platform/sw-ehci.1/usb2', 'usb', '', 189, 128 }
I/USB3G ( 109): event { 'add', '/devices/platform/sw-ohci.1/usb3', 'usb', '', 189, 256 }
I/Vold ( 98): Vold 2.1 (the revenge) firing up
I/Netd ( 99): Netd 1.0 starting
D/Vold ( 98): Volume sdcard state changing -1 (Initializing) -> 0 (No-Media)
D/Vold ( 98): Volume extsd state changing -1 (Initializing) -> 0 (No-Media)
D/Vold ( 98): Volume usbhost1 state changing -1 (Initializing) -> 0 (No-Media)
D/Vold ( 98): Volume sdcard state changing 0 (No-Media) -> 1 (Idle-Unmounted)
E/NetlinkEvent( 89): NetlinkEvent::FindParam(): Parameter 'DEVNAME' not found
I/ ( 104): ServiceManager: 0x65c910
D/AndroidRuntime( 103):
D/AndroidRuntime( 103): >>>>>> AndroidRuntime START com.android.internal.os.ZygoteInit <<<<<<
D/AndroidRuntime( 103): CheckJNI is OFF
I/SurfaceFlinger( 102): SurfaceFlinger is starting
I/SurfaceFlinger( 102): SurfaceFlinger's main thread ready to run. Initializing graphics H/W...
I/gralloc ( 102): using (fd=13)
I/gralloc ( 102): id =
I/gralloc ( 102): xres = 1024 px
I/gralloc ( 102): yres = 600 px
I/gralloc ( 102): xres_virtual = 1024 px
I/gralloc ( 102): yres_virtual = 1200 px
I/gralloc ( 102): bpp = 32
I/gralloc ( 102): r = 16:8
I/gralloc ( 102): g = 8:8
I/gralloc ( 102): b = 0:8
I/gralloc ( 102): width = 163 mm (159.568100 dpi)
I/gralloc ( 102): height = 95 mm (160.421051 dpi)
I/gralloc ( 102): refresh rate = 61.07 Hz
D/libEGL ( 102): loaded /system/lib/egl/libGLES_android.so
D/libEGL ( 102): loaded /system/lib/egl/libEGL_mali.so
D/dalvikvm( 103): DexOpt: incorrect opt magic number (0xff ff ff ff)
D/dalvikvm( 103): ODEX file is stale or bad; removing and retrying (/data/dalvik-cache/[email protected]@[email protected])
D/libEGL ( 102): loaded /system/lib/egl/libGLESv1_CM_mali.so
D/libEGL ( 102): loaded /system/lib/egl/libGLESv2_mali.so
E/SurfaceFlinger( 102): couldn't find an EGLConfig matching the screen format
I/SurfaceFlinger( 102): EGL informations:
I/SurfaceFlinger( 102): # of configs : 28
I/SurfaceFlinger( 102): vendor : Android
I/SurfaceFlinger( 102): version : 1.4 Android META-EGL
I/SurfaceFlinger( 102): extensions: EGL_KHR_image EGL_KHR_image_base EGL_KHR_image_base EGL_KHR_image_pixmap L_KHR_gl_texture_2D_image EGL_KHR_gl_texture_cubemap_image EGL_KHR_gl_renderbuffer_image EGL_KHR_fence_sync EGL_ANDROID_image_native_buffer EGL_ANDROID_image_native_buffer
I/SurfaceFlinger( 102): Client API: OpenGL ES
I/SurfaceFlinger( 102): EGLSurface: 5-6-5-0, config=0x0
I/SurfaceFlinger( 102): OpenGL informations:
I/SurfaceFlinger( 102): vendor : ARM
I/SurfaceFlinger( 102): renderer : Mali-400 MP
I/SurfaceFlinger( 102): version : OpenGL ES-CM 1.1
I/SurfaceFlinger( 102): extensions: GL_OES_byte_coordinates GL_OES_fixed_point GL_OES_single_precision GL_OES_matrix_get GL_OES_read_format GL_OES_compressed_paletted_texture GL_OES_point_size_array GL_OES_point_sprite GL_OES_texture_npot GL_OES_query_matrix GL_OES_matrix_palette GL_OES_extended_matrix_palette GL_OES_compressed_ETC1_RGB8_texture GL_OES_EGL_image GL_OES_draw_texture GL_OES_depth_texture GL_OES_packed_depth_stencil GL_EXT_texture_format_BGRA8888 GL_OES_framebuffer_object GL_OES_stencil8 GL_OES_depth24 GL_ARM_rgba8 GL_OES_EGL_image_external GL_OES_EGL_sync GL_OES_rgb8_rgba8 GL_EXT_multisampled_render_to_texture GL_OES_texture_cube_map GL_EXT_discard_framebuffer
I/SurfaceFlinger( 102): GL_MAX_TEXTURE_SIZE = 4096
I/SurfaceFlinger( 102): GL_MAX_VIEWPORT_DIMS = 4096 x 4096
I/SurfaceFlinger( 102): flags = 00000000
D/display ( 102): start open_display!ctx->mFD_disp = 12
E/DisplayDispatcher( 102): Open Display Device Succesfully!
W/DisplayDispatcher( 102): display dispatcher enabled
D/libEGL ( 151): loaded /system/lib/egl/libGLES_android.so
D/libEGL ( 151): loaded /system/lib/egl/libEGL_mali.so
D/libEGL ( 151): loaded /system/lib/egl/libGLESv1_CM_mali.so
D/libEGL ( 151): loaded /system/lib/egl/libGLESv2_mali.so
D/dalvikvm( 103): Zip inflate: partial write (will retry): (8152 of 32768)
E/dalvikvm( 103): Zip inflate: write failed: No space left on device
E/dalvikvm( 103): Unable to extract+optimize DEX from '/system/framework/framework.jar'
D/dalvikvm( 103): Unable to process classpath element '/system/framework/framework.jar'
I/ ( 105): ServiceManager: 0x1b1d958
E/dalvikvm( 103): opt header write failed: No space left on device
I/dalvikvm( 103): Unable to open or create cache for /system/framework/android.policy.jar (/data/dalvik-cache/[email protected]@[email protected])
D/dalvikvm( 103): Unable to process classpath element '/system/framework/android.policy.jar'
E/dalvikvm( 103): opt header write failed: No space left on device
I/dalvikvm( 103): Unable to open or create cache for /system/framework/services.jar (/data/dalvik-cache/[email protected]@[email protected])
D/dalvikvm( 103): Unable to process classpath element '/system/framework/services.jar'
E/dalvikvm( 103): opt header write failed: No space left on device
I/dalvikvm( 103): Unable to open or create cache for /system/framework/apache-xml.jar (/data/dalvik-cache/[email protected]@[email protected])
D/dalvikvm( 103): Unable to process classpath element '/system/framework/apache-xml.jar'
E/dalvikvm( 103): opt header write failed: No space left on device
I/dalvikvm( 103): Unable to open or create cache for /system/framework/filterfw.jar (/data/dalvik-cache/[email protected]@[email protected])
D/dalvikvm( 103): Unable to process classpath element '/system/framework/filterfw.jar'
I/AudioFlinger( 105): Loaded primary audio interface from Sunxi audio HW HAL (audio)
I/AudioFlinger( 105): Using 'Sunxi audio HW HAL' (audio.primary) as the primary audio interface
I/AudioFlinger( 105): Loaded a2dp audio interface from A2DP Audio HW HAL (audio)
I/CameraService( 105): CameraService started (pid=105)
D/CameraHardware( 105): zoom_ratios: 100,106,113,120,126,133,140,146,153,160,166,173,180,186,193,200,206,213,220,226,233,240,246,253,260,266,273,280,286,293,300
I/AudioFlinger( 105): AudioFlinger's thread 0x1b2d258 ready to run
W/AudioFlinger( 105): Thread AudioOut_1 cannot connect to the power manager service
I/AudioPolicyService( 105): Loaded audio policy from LEGACY Audio Policy HAL (audio_policy)
E/JNIHelp ( 103): Native registration unable to find class 'android/debug/JNITest', aborting
F/libc ( 103): Fatal signal 11 (SIGSEGV) at 0xdeadbaad (code=1)
I/ServiceManager( 97): service 'media.audio_flinger' died
I/ServiceManager( 97): service 'media.player' died
I/ServiceManager( 97): service 'media.camera' died
I/ServiceManager( 97): service 'media.audio_policy' died
LOOP from here
Code:
Filesystem Size Used Free Blksize
/dev 406M 48K 406M 4096
/mnt/asec 406M 0K 406M 4096
/mnt/obb 406M 0K 406M 4096
/system 503M 182M 321M 4096
/data 15M 15M 0K 4096
/cache 251M 4M 247M 4096
push
I have got the same error on A13 and cannot find answer. what to do with it?
I think that it happened because "EGLSurface: 5-6-5-0"(5+6+5+0 = 16bits) does not relate with bpp = 32bits; r = 16:8; g = 8:8; b = 0:8; + 24:8 bits for alpha transparent layer. You need to get "EGLSurface: 8-8-8-8" (8+8+8+8=32).
gralloc allocated 32bits (according to your display) but it is not present in EGLConfig.
I need help to solve it.

[Q] [DEV] CM10.1 boot issue

I'm trying to port CM10.1 to a new device. Currently I got a successful buld with fully working recovery. The rom actually doesn/t boot/ As far as I can see from the log it fails on SurfaceFlinger.
Could someone experinced in porting please take a look at my boot log here https://gist.github.com/AlexBokhankovich/6224190 and suggest what should I try.
All device specific repos can be found there https://github.com/AlexBokhankovich?tab=repositories
P.S. the device is MSM8960 board, pretty similar to HTC Evita.
rebuilt with
BOARD_HAVE_OLD_ION_API := true
BOARD_EGL_NEEDS_LEGACY_FB := true
and got the following errors.
Does anyone ever faced these?
Code:
D/libEGL ( 646): loaded /system/lib/egl/libEGL_adreno200.so
D/libEGL ( 646): loaded /system/lib/egl/libGLESv1_CM_adreno200.so
D/libEGL ( 646): loaded /system/lib/egl/libGLESv2_adreno200.so
I/Adreno200-EGL( 646): <qeglDrvAPI_eglInitialize:269>: EGL 1.4 QUALCOMM build: (CL3357771)
I/Adreno200-EGL( 646): Build Date: 03/07/13 Thu
I/Adreno200-EGL( 646): Local Branch: JB_REL_RB4.04.01.02.16.114
I/Adreno200-EGL( 646): Remote Branch:
I/Adreno200-EGL( 646): Local Patches:
I/Adreno200-EGL( 646): Reconstruct Branch:
W/Trace ( 646): error opening trace file: No such file or directory (2)
E/qdmemalloc( 327): ION_IOC_ALLOC failed with error - No such device
W/qdmemalloc( 327): Falling back to system heap
E/qdmemalloc( 327): ION_IOC_ALLOC failed with error - No such device
E/gralloc ( 327): gralloc failed err=No such device
W/GraphicBufferAllocator( 327): WOW! gralloc alloc failed, waiting for pending frees!
E/qdmemalloc( 327): ION_IOC_ALLOC failed with error - No such device
W/qdmemalloc( 327): Falling back to system heap
E/qdmemalloc( 327): ION_IOC_ALLOC failed with error - No such device
E/gralloc ( 327): gralloc failed err=No such device
W/GraphicBufferAllocator( 327): alloc(720, 1280, 2, 00000b03, ...) failed -19 (No such device)
E/SurfaceFlinger( 327): GraphicBufferAlloc::createGraphicBuffer(w=720, h=1280) failed (No such device), handle=0x0
E/BufferQueue( 327): [BootAnimation] dequeueBuffer: SurfaceComposer::createGraphicBuffer failed

system_server is crashing

I'm porting one rom to other device while porting system_server is continuously crashing below are logs of failure condition
I/SystemServer(29081): User Service
I/SystemServer(29081): Account Manager
I/SystemServer(29081): Content Manager
I/SystemServer(29081): System Content Providers
E/ActivityThread(29081): Failed to find provider info for settings
E/System (29081): ******************************************
E/System (29081): ************ Failure starting core service
E/System (29081): java.lang.NullPointerException
E/System (29081): at android.provider.Settings$NameValueCache.getStringForUser(Settings.java:825)
E/System (29081): at android.provider.Settings$Secure.getStringForUser(Settings.java:2823)
E/System (29081): at android.provider.Settings$Secure.getIntForUser(Settings.java:2917)
E/System (29081): at android.provider.Settings$Secure.getInt(Settings.java:2911)
E/System (29081): at com.android.server.am.CoreSettingsObserver.populateCoreSettings(CoreSettingsObserver.java:93)
E/System (29081): at com.android.server.am.CoreSettingsObserver.sendCoreSettings(CoreSettingsObserver.java:70)
E/System (29081): at com.android.server.am.CoreSettingsObserver.<init>(CoreSettingsObserver.java:55)
E/System (29081): at com.android.server.am.ActivityManagerService.installSystemProviders(ActivityManagerService.java:6961)
E/System (29081): at com.android.server.ServerThread.run(SystemServer.java:285)
D/System (29081): -^__^- -^__^- -^__^- sys.start_shutdown 0
I/SystemServer(29081): Input Method Service
W/InputMethodManagerService(29081): Couldn't create dir.: /data/system/inputmethod
F/SystemServer(29081): BOOT FAILURE starting Input Manager Service
F/SystemServer(29081): java.lang.NullPointerException
F/SystemServer(29081): at android.provider.Settings$NameValueCache.getStringForUser(Settings.java:825)
F/SystemServer(29081): at android.provider.Settings$Secure.getStringForUser(Settings.java:2823)
F/SystemServer(29081): at com.android.server.InputMethodManagerService$InputMethodSettings.getSelectedInputMethod(InputMethodManagerService.java:385)
F/SystemServer(29081): at com.android.server.InputMethodManagerService.<init>(InputMethodManagerService.java:672)
F/SystemServer(29081): at com.android.server.ServerThread.run(SystemServer.java:370)
F/SystemServer(29081): BOOT FAILURE making display ready
F/SystemServer(29081): java.lang.NullPointerException
F/SystemServer(29081): at com.android.server.ServerThread.run(SystemServer.java:386)
E/ActivityThread(29081): Failed to find provider info for settings
W/SystemServer(29081): ***********************************************
I/SystemServer(29081): Accessibility Manager
W/SystemServer(29081): ***********************************************
W/dalvikvm(29081): threadid=11: thread exiting with uncaught exception (group=0x40f39930)
I/Process (29081): Sending signal. PID: 29081 SIG: 9
E/AndroidRuntime(29081): *** FATAL EXCEPTION IN SYSTEM PROCESS: android.server.ServerThread
E/AndroidRuntime(29081): java.lang.NullPointerException
E/AndroidRuntime(29081): at com.android.server.am.ActivityManagerService.showBootMessage(ActivityManagerService.java:4352)
E/AndroidRuntime(29081): at com.android.server.ServerThread.run(SystemServer.java:398)
I/ServiceManager( 1250): service 'gfxinfo' died
I/ServiceManager( 1250): service 'activity' died
I/ServiceManager( 1250): service 'meminfo' died
I/ServiceManager( 1250): service 'package' died
I/ServiceManager( 1250): service 'permission' died
I/ServiceManager( 1250): service 'content' died
I/ServiceManager( 1250): service 'cpuinfo' died
I/ServiceManager( 1250): service 'user' died
I/ServiceManager( 1250): service 'account' died
I/ServiceManager( 1250): service 'accessibility' died
I/ServiceManager( 1250): service 'sensorservice' died
I/ServiceManager( 1250): service 'entropy' died
I/ServiceManager( 1250): service 'power' died
I/ServiceManager( 1250): service 'batteryinfo' died
I/ServiceManager( 1250): service 'usagestats' died
I/ServiceManager( 1250): service 'display' died
I/ServiceManager( 1250): service 'telephony.registry' died
I/ServiceManager( 1250): service 'scheduling_policy' died
I/ServiceManager( 1250): service 'dbinfo' died
E/installd( 1260): eof
E/installd( 1260): failed to read size
I/installd( 1260): closing connection
I/Zygote (28850): Exit zygote because system server (29081) has terminated
I/Netd (29130): Netd 1.0 starting
W/InterfaceController(29130): Warning (Cannot load library: load_library(linker.cpp:745): library "/system/lib/libnetcmdiface.so" not found) while opy
D/AndroidRuntime(29131):
D/AndroidRuntime(29131): >>>>>> AndroidRuntime START com.android.internal.os.ZygoteInit <<<<<<
D/AndroidRuntime(29131): CheckJNI is OFF
D/dalvikvm(29131): Trying to load lib libjavacore.so 0x0
D/dalvikvm(29131): Added shared lib libjavacore.so 0x0
D/dalvikvm(29131): Trying to load lib libnativehelper.so 0x0
D/dalvikvm(29131): Added shared lib libnativehelper.so 0x0
I/mediaserver(29129): ServiceManager: 0x40e8fe88
I/AudioFlinger(29129): Using default 3000 mSec as standby time.
I/CameraService(29129): CameraService started (pid=29129)
D/HALCameraFactory(29129): camera hal version: 3000130327_V1.0
D/HALCameraFactory(29129): There is 1 attached cameras and 1 removable cameras
I/AudioPolicyManagerBase(29129): loadAudioPolicyConfig() loaded /system/etc/audio_policy.conf
I/AudioFlinger(29129): loadHwModule() Loaded primary audio interface from sunxi audio HW HAL (audio) handle 1
I/AudioFlinger(29129): HAL output buffer size 1056 frames, normal mix buffer size 1056 frames
I/AudioMixer(29129): found effect "Multichannel Downmix To Stereo" from The Android Open Source Project
I/AudioFlinger(29129): Using module 1 has the primary audio interface
I/AudioFlinger(29129): AudioFlinger's thread 0x40e71108 ready to run
W/AudioFlinger(29129): Thread AudioOut_2 cannot connect to the power manager service
E/AudioFlinger(29129): int android::load_audio_interface(char const*, audio_hw_device_t**) couldn't load audio hw module audio.a2dp (No such file or )
I/AudioFlinger(29129): loadHwModule() error -2 loading module a2dp
W/AudioPolicyManagerBase(29129): could not open HW module a2dp
I/AudioFlinger(29129): loadHwModule() Loaded usb audio interface from USB audio HW HAL (audio) handle 3
I/r_submix(29129): adev_open(name=audio_hw_if)
I/r_submix(29129): adev_init_check()
I/AudioFlinger(29129): loadHwModule() Loaded r_submix audio interface from Wifi Display audio HAL (audio) handle 4
I/AudioPolicyService(29129): Loaded audio policy from LEGACY Audio Policy HAL (audio_policy)
I/SamplingProfilerIntegration(29131): Profiling disabled.
I/Zygote (29131): Preloading classes...
D/dalvikvm(29131): GC_EXPLICIT freed 38K, 9% free 431K/472K, paused 1ms+1ms, total 4ms
al 5ms
W/Zygote (29131): Class not found for preloading: android.bluetooth.BluetoothAudioGateway
W/Zygote (29131): Class not found for preloading: android.bluetooth.HeadsetBase
W/Zygote (29131): Class not found for preloading: undroid.content.AbstractThreadedSyncAdapter$SyncThread
1ms, total 7ms
D/dalvikvm(29131): WAIT_FOR_CONCURRENT_GC blocked 19ms
I/dalvikvm(29131): threadid=5: recursive native library load attempt (/system/lib/libmedia_jni.so)
D/MtpDeviceJNI(29131): register_android_mtp_MtpDevice
I/dalvikvm(29131): threadid=5: recursive native library load attempt (/system/lib/libmedia_jni.so)
I/dalvikvm(29131): threadid=5: recursive native library load attempt
W/Zygote (29131): Class not found for preloading: android.server.BluetoothA2dpService
W/Zygote (29131): Class not found for preloading: android.server.BluetoothEventLoop
W/Zygote (29131): Class not found for preloading: android.server.BluetoothService
D/TelephonyManager(29131): No /proc/cmdline exception=java.io.FileNotFoundException: /proc/cmdline: open failed: EACCES (Permission denied)
D/TelephonyManager(29131): /proc/cmdline=
D/dalvikvm(29131): WAIT_FOR_CONCURRENT_GC blocked 6ms
D/dalvikvm(29131): GC_EXPLICIT freed 10K, 1% free 2555K/2568K, paused 1ms+11ms, total 20ms
D/dalvikvm(29131): GC_EXPLICIT freed 26K, 2% free 2586K/2620K, paused 1ms+1ms, total 17ms
D/dalvikvm(29131): WAIT_FOR_CONCURRENT_GC blocked 27ms
D/dalvikvm(29131): GC_EXPLICIT freed 24K, 3% free 2561K/2620K, paused 2ms+1ms, total 11ms
D/dalvikvm(29131): GC_EXPLICIT freed 23K, 1% free 2842K/2868K, paused 3ms+5ms, total 29ms
D/dalvikvm(29131): GC_EXPLICIT freed 12K, 1% free 3011K/3028K, paused 2ms+3ms, total 22ms
D/dalvikvm(29131): WAIT_FOR_CONCURRENT_GC blocked 6ms
D/dalvikvm(29131): GC_EXPLICIT freed 5K, 1% free 3030K/3040K, paused 3ms+10ms, total 50ms
I/Zygote (29131): ...preloaded 270 resources in 1271ms.
D/dalvikvm(29131): GC_EXPLICIT freed 24K, 1% free 3059K/3088K, paused 6ms+2ms, total 37ms
D/dalvikvm(29131): WAIT_FOR_CONCURRENT_GC blocked 31ms
W/Zygote (29131): Class not found for preloading: android.util.LocaleUtil
D/dalvikvm(29131): GC_EXPLICIT freed 18K, 1% free 3080K/3100K, paused 2ms+25ms, total 49ms
I/Zygote (29131): ...preloaded 31 resources in 107ms.
W/Zygote (29131): Class not found for preloading: android.view.ViewRootImpl$ResizedInfo
W/Zygote (29131): Class not found for preloading: android.view.Window$LocalWindowManager
W/Zygote (29131): Class not found for preloading: android.view.WindowManagerImpl$CompatModeWrapper
I/dalvikvm(29131): threadid=5: recursive native library load attempt (/system/lib/libwebcore.so)
D/dalvikvm(29131): No JNI_OnLoad found in /system/lib/libchromium_net.so 0x0, skipping init
D/MDnsDS (29130): MDnsSdListener::Hander starting up
D/MDnsDS (29130): MDnsSdListener starting to monitor
D/MDnsDS (29130): Going to poll with pollCount 1
W/Zygote (29131): Class not found for preloading: java.text.DecimalFormat$1
W/Zygote (29131): Class not found for preloading: java.util.concurrent.FutureTask$Sync
W/Zygote (29131): Class not found for preloading: java.util.concurrent.atomic.UnsafeAccess
W/Zygote (29131): Class not found for preloading: java.util.concurrent.locks.UnsafeAccess
W/Zygote (29131): Class not found for preloading: libcore.icu.ErrorCode
I/System (29131): Loaded time zone names for in 186ms (181ms in ICU)
I/System (29131): Loaded time zone names for en_US in 143ms (138ms in ICU)
D/dalvikvm(29131): GC_FOR_ALLOC freed 1205K, 24% free 3925K/5132K, paused 29ms, total 30ms
I/Zygote (29131): ...preloaded 2541 classes in 2478ms.
D/dalvikvm(29131): GC_EXPLICIT freed 193K, 22% free 4038K/5132K, paused 2ms+3ms, total 31ms
D/dalvikvm(29131): GC_EXPLICIT freed 1K, 22% free 4037K/5132K, paused 2ms+3ms, total 28ms
D/dalvikvm(29131): GC_EXPLICIT freed <1K, 22% free 4037K/5132K, paused 3ms+4ms, total 29ms
I/dalvikvm(29131): System server process 29371 has been created
I/Zygote (29131): Accepting command socket connections
E/BatteryService(29371): wirelessOnlinePath not found
I/sysproc (29371): Entered system_init()
I/sysproc (29371): ServiceManager: 0x64e52a40
D/SensorService(29371): nuSensorService starting...
[ 2358.313703] ==gsl_ts_exit==
[ 2358.316925] ==gsl_ts_remove=
D/insmodDevice(29371): system/vendor/modules/gslX680.ko insmod failed!
[ 2358.368703] =====ctp_fetch_sysconfig_para=====.
[ 2358.408342] i2c-core: driver [gslX680] using legacy suspend method
[ 2358.415328] i2c-core: driver [gslX680] using legacy resume method
[ 2358.424525] input: gslX680 as /devices/platform/sun7i-i2c.1/i2c-1/1-0040/input/input396
[ 2358.436007] init: processing action 0x30e28 (property:sys.sensors=1)
I/sysproc (29371): System server[ 2358.445449] init: starting 'sensors'
: starting Android runtime.
I/s[ 2358.452174] init: command 'start' r=0
ysproc (29371): System server: starting Android services.
I/SystemServer(29371): Entered the Android system server!
I/sysproc (29371): System server: entering thread pool.
I/SystemServer(29371): Waiting for installd to be ready.
I/installd( 1260): new connection
I/Installer(29371): connecting...
I/SystemServer(29371): Entropy Mixer
[ 2358.489007] init: waitpid returned pid 29400, status = 00000a00
[ 2358.495660] init: process 'sensors', pid 29400 exited
I/SystemServer(29371): Power Manager
I/SystemServer(29371): Activity Manager
I/ActivityManager(29371): Memory class: 96
W/UsageStats(29371): Usage stats version changed; dropping
I/SystemServer(29371): Display Manager
I/DisplayManagerService(29371): Display device added: DisplayDeviceInfo{"Built-in Screen": 800 x 480, 61.000004 fps, density 160, 160.0 x 160.0 dpi, }
I/SystemServer(29371): Telephony Registry
I/SystemServer(29371): Scheduling Policy
I/SystemServer(29371): Package Manager
W/PackageManager(29371): Running ENG build: no pre-dexopt!
W/PackageManager(29371): Library not found: /system/framework/com.google.android.media.effects.jar
D/PackageManager(29371): No files in app dir /system/app
D/PackageManager(29371): No files in app dir /vendor/app
D/dalvikvm(29371): GC_CONCURRENT freed 1300K, 34% free 4691K/7084K, paused 4ms+3ms, total 71ms
W/PackageManager(29371): Permission group android.permission-group.STORAGE from package net.appositedesigns.fileexplorer ignored: original from androd
I/PackageManager(29371): Time to scan packages: 0.831 seconds
W/PackageManager(29371): Removing dangling permission: android.permission.ACCESS_MTK_MMHW from package null
W/PackageManager(29371): Unknown permission com.google.android.c2dm.permission.RECEIVE in package com.android.chrome
W/PackageManager(29371): Unknown permission com.android.launcher.permission.INSTALL_SHORTCUT in package com.android.chrome
W/PackageManager(29371): Unknown permission com.google.android.providers.gsf.permission.READ_GSERVICES in package com.android.chrome
W/PackageManager(29371): Unknown permission android.webkit.permission.PLUGIN in package com.adobe.flashplayer
W/PackageManager(29371): Not granting permission android.permission.ACCOUNT_MANAGER to package com.google.android.music (protectionLevel=2 flags=0x8b)
W/PackageManager(29371): Unknown permission com.google.android.providers.gsf.permission.READ_GSERVICES in package com.google.android.music
W/PackageManager(29371): Unknown permission com.google.android.c2dm.permission.RECEIVE in package com.google.android.music
W/PackageManager(29371): Unknown permission com.google.android.providers.gsf.permission.READ_GSERVICES in package com.google.android.youtube
W/PackageManager(29371): Unknown permission com.google.android.googleapps.permission.GOOGLE_AUTH in package com.google.android.youtube
W/PackageManager(29371): Unknown permission com.google.android.googleapps.permission.GOOGLE_AUTH.youtube in package com.google.android.youtube
W/PackageManager(29371): Unknown permission com.google.android.googleapps.permission.GOOGLE_AUTH.YouTubeUser in package com.google.android.youtube
W/PackageManager(29371): Unknown permission com.google.android.googleapps.permission.GOOGLE_AUTH in package com.google.android.apps.maps
W/PackageManager(29371): Unknown permission com.google.android.googleapps.permission.GOOGLE_AUTH.local in package com.google.android.apps.maps
W/PackageManager(29371): Unknown permission com.android.providers.im.permission.READ_ONLY in package com.google.android.apps.maps
W/PackageManager(29371): Unknown permission com.android.launcher.permission.INSTALL_SHORTCUT in package com.google.android.apps.maps
W/PackageManager(29371): Unknown permission com.google.android.providers.gsf.permission.READ_GSERVICES in package com.google.android.apps.maps
W/PackageManager(29371): Unknown permission com.google.android.c2dm.permission.RECEIVE in package com.google.android.apps.maps
W/PackageManager(29371): Not granting permission android.permission.MOUNT_UNMOUNT_FILESYSTEMS to package com.baidu.video (protectionLevel=18 flags=0x)
W/PackageManager(29371): Not granting permission android.permission.READ_LOGS to package com.baidu.video (protectionLevel=50 flags=0x18be44)
W/PackageManager(29371): Unknown permission com.android.launcher.permission.INSTALL_SHORTCUT in package com.baidu.video
W/PackageManager(29371): Unknown permission com.android.launcher.permission.UNINSTALL_SHORTCUT in package com.baidu.video
W/PackageManager(29371): Unknown permission android.permission.ACCES_MOCK_LOCATION in package com.baidu.video
W/PackageManager(29371): Unknown permission android.webkit.permission.PLUGIN in package com.baidu.video
D/dalvikvm(29371): GC_EXPLICIT freed 366K, 29% free 5099K/7084K, paused 3ms+4ms, total 49ms
I/SystemServer(29371): User Service
I/SystemServer(29371): Account Manager
I/SystemServer(29371): Content Manager
I/SystemServer(29371): System Content Providers
E/ActivityThread(29371): Failed to find provider info for settings
E/System (29371): ******************************************
E/System (29371): ************ Failure starting core service
E/System (29371): java.lang.NullPointerException
E/System (29371): at android.provider.Settings$NameValueCache.getStringForUser(Settings.java:825)
E/System (29371): at android.provider.Settings$Secure.getStringForUser(Settings.java:2823)
E/System (29371): at android.provider.Settings$Secure.getIntForUser(Settings.java:2917)
E/System (29371): at android.provider.Settings$Secure.getInt(Settings.java:2911)
E/System (29371): at com.android.server.am.CoreSettingsObserver.populateCoreSettings(CoreSettingsObserver.java:93)
E/System (29371): at com.android.server.am.CoreSettingsObserver.sendCoreSettings(CoreSettingsObserver.java:70)
E/System (29371): at com.android.server.am.CoreSettingsObserver.<init>(CoreSettingsObserver.java:55)
E/System (29371): at com.android.server.am.ActivityManagerService.installSystemProviders(ActivityManagerService.java:6961)
E/System (29371): at com.android.server.ServerThread.run(SystemServer.java:285)
D/System (29371): -^__^- -^__^- -^__^- sys.start_shutdown 0
I/SystemServer(29371): Input Method Service
W/InputMethodManagerService(29371): Couldn't create dir.: /data/system/inputmethod
E/ActivityThread(29371): Failed to find provider info for settings
F/SystemServer(29371): BOOT FAILURE starting Input Manager Service
F/SystemServer(2937[ 2360.118179] init: waitpid returned pid 29131, status = 00000009
1): java.lang.NullPointerExcepti[ 2360.127575] init: process 'zygote', pid 29131 exited
on
F/SystemServer(29371): at a[ 2360.135877] init: process 'zygote' killing any children in process group
ndroid.provider.Settings$NameVal[ 2360.146322] request_suspend_state: wakeup (0->0) at 2360138866835 (2000-01-11 17:36:22.981035915 UTC)
ueCache.getStringForUser(Setting[ 2360.159286] init: service 'media' is being killed
s.java:825)
F/SystemServer(29371): at android.provider.Setting[ 2360.172556] init: starting 'media'
s$Secure.getStringForUser(Settin[ 2360.177110] init: service 'netd' is being killed
gs.java:2823)
F/SystemServer(29371): at com.android.server.InputMethodManagerService$InputMethodSettings.getSelectedInputMethod(InputMethodManagerService.java[ 23'
:3850)
F/SystemServer(29371): [ 2360.202716] init: waitpid returned pid 29129, status = 00000009
[ 2360.208234] init: Created socket '/dev/socket/mdns' with mode '660', user '0', group '1000'
at com.android.server.InputMetho[ 2360.208364] init: Created socket '/dev/socket/dnsproxyd' with mode '660', user '0', group '3003'
[ 2360.208461] init: Created socket '/dev/socket/netd' with mode '660', user '0', group '1000'
dManagerService.<init>(InputMethodManagerService.java:672)
F/SystemServer(29371): at com.android.server.ServerThread.run(SystemServer.java:370)
W/SystemServer(29371): ***********************************************
F/SystemServer(29371): BOOT FAILURE making display ready
F/SystemServer(29371): java.lang.NullPointerException
F/SystemServer(29371): at com.android.server.ServerThread.run(SystemServer.java:386)
W/dalvikvm(29371): threadid=11: thread exiting with uncaught exception (group=0x412f2930)
I/SystemServer(29371): Accessibility Manager
W/SystemServer(29371): *****************************[ 2360.292979] init: untracked pid 29129 exited
******************
E/AndroidRun[ 2360.300306] init: waitpid returned pid 29130, status = 00000009
time(29371): *** FATAL EXCEPTION IN SYSTEM PROCESS: android.server.ServerThread
E/AndroidRuntime(29371): java.lang.NullPointerException
E/AndroidRuntime(29371[ 2360.321118] init: untracked pid 29130 exited
): at com.android.server.am.ActivityManagerService.showBootMessage(ActivityManagerService.java:4352)
E/AndroidRuntime(29371): [ 2360.337090] init: starting 'zygote'
at com.android.server.ServerThread.run(SystemServer.java:398)
I/Process (29371): Sending signal. PID: 29371 SIG: 9
I/ServiceM[ 2360.352585] init: Created socket '/dev/socket/zygote' with mode '660', user '0', group '1000'
E/installd( 1260): failed to read size
I/installd( 1260): closing connection
I/Zygote (29131): Exit zygote because system server (29371) has terminated
I/ServiceManager( 1250): service 'media.audio_policy' died
I/ServiceManager( 1250): service 'media.audio_flinger' died
I/ServiceManager( 1250): service 'media.player' died
I/ServiceManager( 1250): service 'media.camera' died
I/Netd (29420): Netd 1.0 starting
output of service list is
# service list
Found 26 services:
0 accessibility: []
1 content: []
2 account: []
3 user: []
4 permission: []
5 cpuinfo: []
6 dbinfo: []
7 gfxinfo: []
8 meminfo: []
9 activity: []
10 package: []
11 scheduling_policy: []
12 telephony.registry: []
13 display: []
14 usagestats: []
15 batteryinfo: []
16 power: []
17 entropy: []
18 sensorservice: []
19 media.audio_policy: [android.media.IAudioPolicyService]
20 media.camera: [android.hardware.ICameraService]
21 media.player: [android.media.IMediaPlayerService]
22 media.audio_flinger: [android.media.IAudioFlinger]
23 media.tvd: [android.hardware.ITVDecoderService]
24 drm.drmManager: [drm.IDrmManagerService]
25 SurfaceFlinger: [android.ui.ISurfaceComposer]
crash dump is here
I/DEBUG (14300): pid: 19492, tid: 19492, name: system_server >>> system_server <<<
I/DEBUG (14300): signal 11 (SIGSEGV), code 1 (SEGV_MAPERR), fault addr 00000000
D/AndroidRuntime(19497):
D/AndroidRuntime(19497): >>>>>> AndroidRuntime START com.android.internal.os.ZygoteInit <<<<<<
D/AndroidRuntime(19497): CheckJNI is OFF
I/DEBUG (14300): r0 00000000 r1 bef8b6b0 r2 00010004 r3 93b27162
I/DEBUG (14300): r4 b6ee1538 r5 b6ee14a4 r6 bef8bb00 r7 b7415bf8
I/DEBUG (14300): r8 00000000 r9 b6fc9228 sl 00000000 fp bef8bbcc
I/DEBUG (14300): ip b6ee2fd4 sp bef8bae8 lr b6ee12a7 pc b6e85336 cpsr 60000030
I/DEBUG (14300): d0 6576726573206d69 d1 7472617473203a63
I/DEBUG (14300): d2 72646e4120676e65 d3 7672657320646973
I/DEBUG (14300): d4 b7411720b7411710 d5 b7411740b7411730
I/DEBUG (14300): d6 b7411ba0b7411750 d7 b7412000b7411ff0
I/DEBUG (14300): d8 0000000000000000 d9 0000000000000000
I/DEBUG (14300): d10 0000000000000000 d11 0000000000000000
I/DEBUG (14300): d12 0000000000000000 d13 0000000000000000
I/DEBUG (14300): d14 0000000000000000 d15 0000000000000000
I/DEBUG (14300): d16 c1d6a4f4172de354 d17 3f50624dd2f1a9fc
I/DEBUG (14300): d18 41b3b66fd3000000 d19 0000000000000000
I/DEBUG (14300): d20 0000000000000000 d21 0000000000000000
I/DEBUG (14300): d22 0000000000000000 d23 0000000000000000
I/DEBUG (14300): d24 0000000000000000 d25 0000000000000000
I/DEBUG (14300): d26 0000000000000000 d27 0000000000000000
I/DEBUG (14300): d28 0000000000000000 d29 0000000000000000
I/DEBUG (14300): d30 0000000000000000 d31 0000000000000000
I/DEBUG (14300): scr 00000010
I/DEBUG (14300):
I/DEBUG (14300): backtrace:
I/DEBUG (14300): #00 pc 00047336 /system/lib/libandroid_runtime.so (android::AndroidRuntime::getJNIEnv()+9)
I/DEBUG (14300): #01 pc 000012a3 /system/lib/libsystem_server.so (system_init+278)
I/DEBUG (14300): #02 pc 00000529 /system/bin/system_server
I/DEBUG (14300):
I/DEBUG (14300): stack:
I/DEBUG (14300): bef8baa8 b7415fa8 [heap]
I/DEBUG (14300): bef8baac b6f8af15 /system/lib/libc.so (free+12)
I/DEBUG (14300): bef8bab0 00000000
I/DEBUG (14300): bef8bab4 b6f581c7 /system/lib/libutils.so (android::SharedBuffer::release(unsigned int) const+34)
I/DEBUG (14300): bef8bab8 b7414680 [heap]
I/DEBUG (14300): bef8babc bef8bad4 [stack]
I/DEBUG (14300): bef8bac0 b6efbaa1 /system/lib/libbinder.so
I/DEBUG (14300): bef8bac4 b6ee10af /system/lib/libsystem_server.so (android::sp<android::IBinder>::~sp()+22)
I/DEBUG (14300): bef8bac8 bef8bad8 [stack]
I/DEBUG (14300): bef8bacc b6ee1183 /system/lib/libsystem_server.so
I/DEBUG (14300): bef8bad0 b7415bf8 [heap]
I/DEBUG (14300): bef8bad4 b7415ef0 [heap]
I/DEBUG (14300): bef8bad8 b7415fdc [heap]
I/DEBUG (14300): bef8badc 93b27162
I/DEBUG (14300): bef8bae0 df0027ad
I/DEBUG (14300): bef8bae4 00000000
I/DEBUG (14300): #00 bef8bae8 00000034
I/DEBUG (14300): bef8baec bef8b6b0 [stack]
I/DEBUG (14300): bef8baf0 93b27162
I/DEBUG (14300): bef8baf4 b6ee12a7 /system/lib/libsystem_server.so (system_init+282)
I/DEBUG (14300): #01 bef8baf8 b7415b60 [heap]
I/DEBUG (14300): bef8bafc b7415ef0 [heap]
I/DEBUG (14300): bef8bb00 b7415f10 [heap]
I/DEBUG (14300): bef8bb04 b7415bf8 [heap]
I/DEBUG (14300): bef8bb08 b7415f10 [heap]
I/DEBUG (14300): bef8bb0c 00000000
I/DEBUG (14300): bef8bb10 b6fd0031
I/DEBUG (14300): bef8bb14 0001b000
I/DEBUG (14300): bef8bb18 00000000
I/DEBUG (14300): bef8bb1c b6fe7ee4 /system/bin/linker
I/DEBUG (14300): bef8bb20 00000000
I/DEBUG (14300): bef8bb24 00000000
I/DEBUG (14300): bef8bb28 00000000
I/DEBUG (14300): bef8bb2c 00000011
I/DEBUG (14300): bef8bb30 b6fd9204 /system/bin/linker
I/DEBUG (14300): bef8bb34 b6fd8114 /system/bin/linker
I/DEBUG (14300): ........ ........
I/DEBUG (14300): #02 bef8bb90 00000001
I/DEBUG (14300): bef8bb94 00000204
I/DEBUG (14300): bef8bb98 b6ff34dd /system/bin/system_server
I/DEBUG (14300): bef8bb9c b6f90721 /system/lib/libc.so (__libc_init+40)
I/DEBUG (14300): bef8bba0 bef8bbb8 [stack]
I/DEBUG (14300): bef8bba4 00000000
I/DEBUG (14300): bef8bba8 00000000
I/DEBUG (14300): bef8bbac 00000000
I/DEBUG (14300): bef8bbb0 00000000
I/DEBUG (14300): bef8bbb4 b6ff3480 /system/bin/system_server
I/DEBUG (14300): bef8bbb8 b6ff4e94 /system/bin/system_server
I/DEBUG (14300): bef8bbbc b6ff4e9c /system/bin/system_server
I/DEBUG (14300): bef8bbc0 b6ff4ea4 /system/bin/system_server
I/DEBUG (14300): bef8bbc4 bef8bbd0 [stack]
I/DEBUG (14300): bef8bbc8 00000000
I/DEBUG (14300): bef8bbcc b6fdcbbb /system/bin/linker
I/DEBUG (14300):
I/mediaserver(19495): ServiceManager: 0x418b1e88
Can any one help me to resolve this issue? Thanks in advance :laugh:

[Q] [HELP] understand my logcat

Hello, here is my problem,
I have always ported the miui rom to my thl w200 device.
in the latest builds, after porting it to my phone I get stuck at bootlogo.
I did a logcat but cant really find what causes this.
someone can look at it and help me?
--------- beginning of /dev/log/main
I/Resize ( 86): The size of data already meet the request.
I/Resize ( 86): Partition has been resized,so nothing to do!
D/ADB_SERVICES( 158): install_listener('tcp:5037','*smartsocket*')
D/ADB_SERVICES( 158): adb_main(): pre init_jdwp()
D/ADB_SERVICES( 158): adb_main(): post init_jdwp()
D/ADB_SERVICES( 158): Event loop starting
D/ADB_SERVICES( 158): transport: 0xf67520 init'ing for usb_handle 0xf67498 (sn='')
I/ADB_SERVICES( 158): transport: usb
D/ADB_SERVICES( 158): transport: (null) registered
D/ADB_SERVICES( 158): transport: (null) (16,17) starting
W/ADB_SERVICES( 158): (null): starting transport input thread, reading from fd 17
W/ADB_SERVICES( 158): (null): starting transport output thread on fd 17, SYNC online (2)
D/ADB_SERVICES( 158): recv: SYNC 00000001 00000002 0000
W/ADB_SERVICES( 158): (null): transport SYNC online
E/ccci_mdinit(0)( 121): md_init ver:1.00
E/ccci_mdinit(0)( 120): md_init ver:1.00
I/6620_launcher( 117): open device node succeed.(Node:/dev/stpwmt, fd:3)
I/6620_launcher( 117): keypersist.mtk.wcn.combo.chipid)-value0x6628),chipId:0x6628
I/6620_launcher( 117): index:1, chipId:0x6628
I/6620_launcher( 117): chiId:0x6628
I/6620_launcher( 117): index:1, chipId:0x6628
I/6620_launcher( 117): set chipId(0x6628) to HIF-SDIO module
I/6620_launcher( 117): Info:key:mt6620.defAnt value:mt6620_ant_m3.cfg
I/6620_launcher( 117): Info:key:mt6628.defAnt value:mt6628_ant_m1.cfg
I/6620_launcher( 117): NULL is returned, eighter EOF or error maybe found
I/6620_launcher( 117): close /system/etc/firmware/WMT.cfg succeed
I/6620_launcher( 117): index:1, chipId:0x6628
I/6620_launcher( 117): STP Mode is not set, fetching default mode...
I/6620_launcher( 117): chipId(0x6628), default Mode(1), strlen(gWmtCfgName)(39), wmtCfgFile(/system/etc/firmware//mt6628_ant_m1.cfg)
I/6620_launcher( 117): HifConfig:0x0001, wmtCfgFile:/system/etc/firmware//mt6628_ant_m1.cfg
I/6620_launcher( 117): keyro.build.type)-valueuser)
I/6620_launcher( 117): MCU patch folder path: /system/etc/firmware/
I/6620_launcher( 117): Common Interface: UART mode
I/6620_launcher( 117): MCU patch folder path: /system/etc/firmware/
I/6620_launcher( 117): Common Interface: UART mode
I/6620_launcher( 117): uart name ttyMT2
D/MsensorDaemon( 151): Msensor deamon statr!!!!!!!!!!!!
D/MsensorDaemon( 151): msensor demon start process detect demon name = memsicd3416x
D/MsensorDaemon( 151):
D/MsensorDaemon( 151): msensor demon start process detect demon prop = init.svc.memsicd3416x
D/MsensorDaemon( 151):
D/MsensorDaemon( 151): start_msensor_demon
D/MsensorDaemon( 151): HAVE_LIBC_SYSTEM_PROPERTIES
E/MsensorDaemon( 151): [99] ''
D/permission_check( 145): permission check ver:0.01
D/permission_check( 145): Empty, not decrypt!
D/permission_check( 145): change_md_nvram_attr++
--------- beginning of /dev/log/system
E/POAD ( 155): boot_mode = 0
E/POAD ( 155): update boot reason = 0
D/permission_check( 145): new_ver file exist!!!
D/permission_check( 145): change_md_nvram_attr--0
I/stp_dump( 143): ==>main
I/stp_dump( 143): stp_dump_ctrl_iface_trace_logger_sendto_fd succeed
E/stp_dump( 143): [STP_DBG] family id = 19
I/stp_dump( 143): sending dummy command
I/stp_dump( 143): set sock number to 9
I/stp_dump( 143): addr.sun_path:stp_DIR=/data/misc/stp_dump GROUP=stp
I/stp_dump( 143): Using existing control interface directory.
E/stp_dump( 143): mkdir (/data/misc/stp_dump) succeed
I/stp_dump( 143): ctrl_interface_group=1000 (from group name 'stp')
I/stp_dump( 143): chown (/data/misc/stp_dump) succeed
I/stp_dump( 143): CTRL: chmod[/data/misc/stp_dump] succeed
E/stp_dump( 143): ctrl_iface bind(PF_UNIX) failed: Address already in use
E/stp_dump( 143): ctrl_iface exists, but does not allow connections - assuming it was leftover from forced program termination
D/stp_dump( 143): Successfully replaced leftover ctrl_iface socket '/data/misc/stp_dump/stpd'
I/stp_dump( 143): set sock number to 10
I/stp_dump( 143): stp_dump_ctrl_iface_init succeed.
I/stp_dump( 143): ==>main222
I/busybox ( 114): run-parts: /system/etc/init.d: No such file or directory
D/wlanLoader( 144): checkSupport 0x6628
D/wlanLoader( 144): Match 0x6628
D/wlanLoader( 144): Get the correct chip version mt6628
D/wlanLoader( 144): Get chip Version mt6628.
D/wlanLoader( 144): DRIVER_MODULE_PATH is /system/lib/modules/wlan_mt6628.ko
D/MsensorDaemon( 151): HAVE_LIBC_SYSTEM_PROPERTIES
D/MsensorDaemon( 151): memsicd3416x running
D/MsensorDaemon( 151): Msensor deamon2 statr!!!!!!!!!!!!
D/MsensorDaemon( 151): open demon attr err = No such file or directory
E/stp_dump( 143): table == NULL || table->table == NULL
E/stp_dump( 143): table == NULL || table->table == NULL
D/wlanLoader( 144): Success to insmod the /system/lib/modules/wlan_mt6628.ko
I/thermal_repeater( 154): START+++++++++ 154
I/thermal_repeater( 154): Success to write 154 to /proc/wmt_tm/tm_pid
I/thermal_repeater( 154): Fail to chmod ffffffff
I/thermal_repeater( 154): Enter infinite loop
I/AEE/AED ( 122): Built Jan 30 2013 19:35:15
D/AEE/AED ( 122): ChangeAEEWorkMode: 3
I/AEE/AED ( 122): AED config
I/AEE/AED ( 122): mode '3'
I/AEE/AED ( 122): exp level '1
I/AEE/AED ( 122): dal enable '0'
I/AEE/AED ( 122): db count '20'
I/AEE/AED ( 122): db storage '1'
I/AEE/AED ( 122): SMP Info => 1
I/MobileLogD( 123): [void change_permission()] set mobile_log_d is in root user, adjust caps for its thread
I/MobileLogD( 123): mobilelog start after boot, mode:0
D/MobileLogD/cache( 123): init cache configure items....
D/MobileLogD/cache( 123): value of ro.build.type:user.
I/installd( 140): installd firing up
D/PQ ( 130): PQ init start...
D/PQ ( 130): PQ test...
I/ ( 137): ServiceManager: 0x41661698
D/PQ ( 130): PQ init end !
E/AEE/LIBAEE( 122): Can't remove file /sdcard/mtklog/aee_exp/temp: No such file or directory
E/AEE/LIBAEE( 122): Can't remove file /data/aee_exp/temp: No such file or directory
V/AEE/AED ( 122): ETB buffer length = 512
I/AEE/AED ( 122): wdt_status = 2, fiq_step=0
I/AEE/AED ( 122): reboot_reason = 0
V/AEE/AED ( 122): ETM start
D/installd( 140): LBE is enabled, starting...
D/NVRAM ( 152): NvRAMAgent created
E/NVRAM ( 152): Haman, serviceManager work well
D/NVRAM ( 152): NvRAMAgent Service is now ready
I/DPFD ( 149): [DPFD] main start ...
I/DPFD ( 149): [DPFD] set priority to RR:268435540
I/DPFD ( 149): [int adjustPriority()] set dpfd is in root user, adjust caps for its thread
D/DPFD ( 149): [DPFD] Wait Request.....
I/DMAgent ( 147): DMAgent created
I/DMAgent ( 147): [DMAgent]register OK.
D/DMAgent ( 147): DMAgent Service is now ready
D/MobileLogD( 123): write "mobilelog start after boot, mode:0" to mblog
E/installd( 140): Failed to load liblbesec.so
