[HELP] Phone suddently FREEZE, include Logcat - Android Q&A, Help & Troubleshooting

hai, can anyone see what the problem here?
because my phone suddenly freeze
sorry coz i really noob about all of this. :crying:
thanks for your help :highfive:
Code:
D/dalvikvm( 8831): Added shared lib /data/app-lib/com.tencent.mm-2/libxlog.so 0x
41a8ca18
D/dalvikvm( 8831): No JNI_OnLoad found in /data/app-lib/com.tencent.mm-2/libxlog
.so 0x41a8ca18, skipping init
W/MicroMsg.xlogger( 8831): JNI_Xlog_onCreate
I/Process ( 8831): Sending signal. PID: 8831 SIG: 9
I/ActivityManager( 5051): Process com.tencent.mm:tools (pid 8831) has died.
D/lights ( 5051): set_light_buttons: 2
D/dalvikvm( 7447): GC_CONCURRENT freed 1989K, 50% free 5428K/10776K, paused 3ms+
7ms, total 57ms
D/dalvikvm( 5051): GC_FOR_ALLOC freed 5796K, 45% free 22714K/40900K, paused 125m
s, total 125ms
D/dalvikvm( 5563): GC_FOR_ALLOC freed 2975K, 33% free 12003K/17796K, paused 27ms
, total 27ms
D/lights ( 5051): set_light_buttons: 1
I/ActivityManager( 5051): START u0 {act=android.intent.action.MAIN cat=[android.
intent.category.LAUNCHER] flg=0x10200000 cmp=com.oasisfeng.greenify/.GreenifyAct
ivity bnds=[362,556][475,686]} from pid 5563
I/ActivityManager( 5051): Start proc com.oasisfeng.greenify for activity com.oas
isfeng.greenify/.GreenifyActivity: pid=8854 uid=10122 gids={50122, 3003, 1007, 1
028}
D/dalvikvm( 5051): GC_FOR_ALLOC freed 4109K, 45% free 22651K/40900K, paused 106m
s, total 106ms
W/ResourceType( 5051): Skipping entry 0x7f040021 in package table 0 because it i
s not complex!
W/ResourceType( 5051): Skipping entry 0x7f040022 in package table 0 because it i
s not complex!
I/Cleaner ( 6735): Service is started.
I/ActivityManager( 5051): Displayed com.oasisfeng.greenify/.GreenifyActivity: +6
06ms
D/lights ( 5051): set_light_buttons: 2
W/GAV3 ( 8854): Thread[GAThread,5,main]: Service unavailable (code=1), will r
etry.
W/ActivityManager( 5051): Unable to start service Intent { act=com.google.androi
d.gms.analytics.service.START (has extras) } U=0: not found
I/GAV3 ( 8854): Thread[GAThread,5,main]: No campaign data found.
W/ActivityManager( 5051): Unable to start service Intent { act=com.google.androi
d.gms.analytics.service.START (has extras) } U=0: not found
W/GAV3 ( 8854): Thread[Service Reconnect,5,main]: Service unavailable (code=1
), using local store.
D/MobileDataStateTracker( 5051): default: setPolicyDataEnable(enabled=true)
D/lights ( 5051): set_light_buttons: 1
D/lights ( 5051): set_light_buttons: 2
I/InputDispatcher( 5051): Application is not responding: AppWindowToken{42c302b8
token=Token{42e684d8 ActivityRecord{41ab3820 u0 com.oasisfeng.greenify/.Greenif
yActivity}}} - Window{42b31eb0 u0 com.oasisfeng.greenify/com.oasisfeng.greenify.
GreenifyActivity}. It has been 5002.5ms since event, 5000.9ms since wait starte
d. Reason: Waiting because the focused window has not finished processing the i
nput events that were previously delivered to it.
I/WindowManager( 5051): Input event dispatching timed out sending to com.oasisfe
ng.greenify/com.oasisfeng.greenify.GreenifyActivity

Related

[Q] random reboots after battery died? w/ logcat

So I left my charger at my buddies place a few days ago and I was dumb enough to leave skype running on my prime, which happened to kill off the battery in the tablet and the dock. I got my charger back last night, plugged it in, and it had been sitting on the charger for about 24 hours. I finally turned it back on tonight, left it at the lock screen for a few minutes and it rebooted on it's own. When it came back up, I went to unlock it, it froze with the unlock icon highlighted in the unlock spot, and it rebooted again. Next, I managed to unlock it, scrolled one screen and then froze and rebooted. I was finally able to unlock it, mess around with no issues and then locked it, let it sit for a few minutes and it rebooted again. This time I ran a logcat and waited for it to reboot (and it did) the logcat kept running after it got to the asus loading screen, so I pulled the usb cable, and below you will find right before and after the crash.
Code:
D/AlarmManager(10038): Added alarm Alarm{414b9df0 type 2 com.google.android.apps
.maps} type:ELAPSED_REALTIME_WAKEUP when: After 0h:0m:4.0s
D/AlarmManager(10038): Removed alarm Alarm{414b9df0 type 2 com.google.android.ap
ps.maps} type:ELAPSED_REALTIME_WAKEUP
D/AlarmManager(10038): Added alarm Alarm{41749990 type 2 com.google.android.apps
.maps} type:ELAPSED_REALTIME_WAKEUP when: After 0h:0m:4.0s
D/AlarmManager(10038): Removed alarm Alarm{41749990 type 2 com.google.android.ap
ps.maps} type:ELAPSED_REALTIME_WAKEUP
D/AlarmManager(10038): Added alarm Alarm{4108f2b0 type 2 com.google.android.apps
.maps} type:ELAPSED_REALTIME_WAKEUP when: After 0h:0m:4.0s
D/AlarmManager(10038): Removed alarm Alarm{4108f2b0 type 2 com.google.android.ap
ps.maps} type:ELAPSED_REALTIME_WAKEUP
D/AlarmManager(10038): Added alarm Alarm{4177d3c0 type 2 com.google.android.apps
.maps} type:ELAPSED_REALTIME_WAKEUP when: After 0h:0m:4.0s
I/ActivityManager(10038): Start proc com.alphonso.pulse for broadcast com.alphon
so.pulse/.background.OnBootReceiver: pid=11002 uid=10332 gids={3003, 1015}
D/AlarmManager(10038): Added alarm Alarm{415cd158 type 2 com.appventive.ExecAssi
st} type:ELAPSED_REALTIME_WAKEUP when: After 0h:0m:0.0s repeatInterval: 0h:5m:0.
0s
D/AlarmManager(10038): Added alarm Alarm{415cd158 type 2 com.appventive.ExecAssi
st} type:ELAPSED_REALTIME_WAKEUP when: After 0h:4m:59.0s repeatInterval: 0h:5m:0
.0s
D/AlarmManager(10038): Triggered Alarm 415cd158 ELAPSED_REALTIME_WAKEUP IntentSe
nder{41adcd38: PendingIntentRecord{415d4958 com.appventive.ExecAssist broadcastI
ntent}}
D/AlarmManager(10038): Added alarm Alarm{419ba738 type 2 com.appventive.ExecAssi
st} type:ELAPSED_REALTIME_WAKEUP when: After 0h:0m:0.0s repeatInterval: 0h:3m:0.
0s
D/AlarmManager(10038): Added alarm Alarm{419ba738 type 2 com.appventive.ExecAssi
st} type:ELAPSED_REALTIME_WAKEUP when: After 0h:2m:59.0s repeatInterval: 0h:3m:0
.0s
D/AlarmManager(10038): Triggered Alarm 419ba738 ELAPSED_REALTIME_WAKEUP IntentSe
nder{417a8000: PendingIntentRecord{419ba898 com.appventive.ExecAssist broadcastI
ntent}}
I/ActivityManager(10038): No longer want com.android.deskclock (pid 10702): hidd
en #16
D/dalvikvm(10950): GC_CONCURRENT freed 428K, 7% free 7450K/7943K, paused 2ms+2ms
D/dalvikvm(10383): GC_FOR_ALLOC freed 1790K, 16% free 14147K/16647K, paused 54ms
D/UpdateManager(11002): setting an update in 16450298
D/dalvikvm(11002): GC_CONCURRENT freed 221K, 5% free 6701K/6983K, paused 3ms+1ms
I/ActivityManager(10038): Start proc com.google.android.apps.googlevoice for bro
adcast com.google.android.apps.googlevoice/.BootUpReceiver: pid=11018 uid=10238
gids={3003, 1015, 1007}
I/ActivityManager(10038): No longer want com.google.android.gsf.login (pid 10270
): hidden #16
D/dalvikvm(10950): GC_CONCURRENT freed 546K, 9% free 7417K/8071K, paused 3ms+6ms
W/ActivityManager(10038): Permission Denial: receiving Intent { act=android.inte
nt.action.BOOT_COMPLETED flg=0x10 } to com.skype.raider requires android.permiss
ion.RECEIVE_BOOT_COMPLETED due to sender null (uid 1000)
I/ActivityManager(10038): Start proc com.pandora.android for broadcast com.pando
ra.android/.api.bluetooth.AutoStartReceiver: pid=11030 uid=10316 gids={3003, 300
2, 3001, 1015}
I/dalvikvm(11030): Turning on JNI app bug workarounds for target SDK version 9..
.
D/dalvikvm(10950): GC_CONCURRENT freed 459K, 8% free 7429K/8071K, paused 3ms+2ms
F/PackageManager(10038): Unable to backup package manager settings, current cha
nges will be lost at reboot
D/dalvikvm(11018): GC_CONCURRENT freed 226K, 5% free 6718K/7047K, paused 3ms+2ms
D/dalvikvm(10950): GC_CONCURRENT freed 461K, 8% free 7443K/8071K, paused 2ms+2ms
F/PackageManager(10038): Unable to backup package manager settings, current cha
nges will be lost at reboot
I/ActivityThread(11030): Pub com.pandora.provider: com.pandora.android.provider.
StationProvider
D/dalvikvm(10950): GC_CONCURRENT freed 495K, 8% free 7460K/8071K, paused 2ms+2ms
W/ActivityManager(10038): Permission Denial: receiving Intent { act=android.inte
nt.action.BOOT_COMPLETED flg=0x10 } to com.timsu.astrid requires android.permiss
ion.RECEIVE_BOOT_COMPLETED due to sender null (uid 1000)
F/PackageManager(10038): Unable to backup package manager settings, current cha
nges will be lost at reboot
I/ActivityManager(10038): Start proc com.keramidas.TitaniumBackup for broadcast
com.keramidas.TitaniumBackup/.schedules.BootReceiver: pid=11055 uid=10089 gids={
1015, 3003}
I/dalvikvm(11055): Turning on JNI app bug workarounds for target SDK version 3..
.
D/dalvikvm(10950): GC_CONCURRENT freed 499K, 8% free 7472K/8071K, paused 7ms+6ms
D/dalvikvm(10950): GC_CONCURRENT freed 482K, 8% free 7486K/8071K, paused 2ms+3ms
D/dalvikvm(10950): GC_CONCURRENT freed 438K, 7% free 7548K/8071K, paused 2ms+2ms
D/dalvikvm(10950): GC_CONCURRENT freed 530K, 8% free 7545K/8135K, paused 2ms+3ms
D/dalvikvm(10950): GC_CONCURRENT freed 496K, 8% free 7560K/8135K, paused 2ms+2ms
D/dalvikvm(10950): GC_FOR_ALLOC freed 273K, 7% free 7584K/8135K, paused 20ms
D/dalvikvm(10950): GC_CONCURRENT freed 501K, 7% free 7634K/8199K, paused 1ms+2ms
D/dalvikvm(10950): GC_CONCURRENT freed 551K, 8% free 7648K/8263K, paused 2ms+2ms
D/dalvikvm(10950): GC_CONCURRENT freed 501K, 8% free 7658K/8263K, paused 2ms+2ms
D/dalvikvm(10950): GC_CONCURRENT freed 495K, 8% free 7675K/8263K, paused 2ms+2ms
D/dalvikvm(10950): GC_FOR_ALLOC freed 30K, 8% free 7669K/8263K, paused 20ms
I/dalvikvm-heap(10950): Grow heap (frag case) to 7.552MB for 8208-byte allocatio
n
D/dalvikvm(10950): GC_FOR_ALLOC freed 0K, 8% free 7677K/8327K, paused 20ms
D/dalvikvm(10950): GC_CONCURRENT freed 409K, 7% free 7748K/8327K, paused 2ms+2ms
D/dalvikvm(10950): GC_FOR_ALLOC freed 171K, 7% free 7750K/8327K, paused 21ms
D/dalvikvm(10950): GC_FOR_ALLOC freed 30K, 7% free 7751K/8327K, paused 20ms
D/dalvikvm(10950): GC_FOR_ALLOC freed 18K, 7% free 7745K/8327K, paused 21ms
D/dalvikvm(10950): GC_FOR_ALLOC freed 193K, 8% free 7717K/8327K, paused 21ms
I/dalvikvm(10950): Total arena pages for JIT: 11
I/dalvikvm(10950): Total arena pages for JIT: 12
I/dalvikvm(10950): Total arena pages for JIT: 13
I/dalvikvm(10950): Total arena pages for JIT: 14
I/dalvikvm(10950): Total arena pages for JIT: 15
I/dalvikvm(10950): Total arena pages for JIT: 16
I/dalvikvm(10950): Total arena pages for JIT: 17
D/dalvikvm(10950): GC_FOR_ALLOC freed 180K, 8% free 7716K/8327K, paused 21ms
D/dalvikvm(10950): GC_CONCURRENT freed 497K, 8% free 7731K/8327K, paused 2ms+2ms
D/dalvikvm(10950): GC_CONCURRENT freed 493K, 7% free 7750K/8327K, paused 1ms+3ms
D/dalvikvm(10950): GC_CONCURRENT freed 495K, 7% free 7767K/8327K, paused 1ms+2ms
D/dalvikvm(10950): GC_CONCURRENT freed 545K, 8% free 7782K/8391K, paused 2ms+3ms
D/dalvikvm(10950): GC_CONCURRENT freed 462K, 8% free 7799K/8391K, paused 2ms+2ms
D/dalvikvm(10950): GC_CONCURRENT freed 505K, 7% free 7805K/8391K, paused 2ms+3ms
D/dalvikvm(10950): GC_CONCURRENT freed 502K, 7% free 7814K/8391K, paused 2ms+2ms
D/dalvikvm(10950): GC_CONCURRENT freed 499K, 7% free 7826K/8391K, paused 2ms+2ms
D/dalvikvm(10950): GC_CONCURRENT freed 551K, 8% free 7839K/8455K, paused 2ms+3ms
D/dalvikvm(10950): GC_CONCURRENT freed 492K, 8% free 7859K/8455K, paused 2ms+2ms
D/dalvikvm(10950): GC_CONCURRENT freed 499K, 7% free 7871K/8455K, paused 2ms+2ms
D/dalvikvm(10950): GC_CONCURRENT freed 503K, 7% free 7879K/8455K, paused 1ms+2ms
D/dalvikvm(10950): GC_CONCURRENT freed 502K, 7% free 7888K/8455K, paused 1ms+3ms
D/dalvikvm(10950): GC_CONCURRENT freed 545K, 8% free 7907K/8519K, paused 2ms+2ms
D/dalvikvm(10950): GC_CONCURRENT freed 500K, 8% free 7919K/8519K, paused 2ms+2ms
D/dalvikvm(10950): GC_CONCURRENT freed 497K, 7% free 7933K/8519K, paused 2ms+2ms
D/dalvikvm(10950): GC_CONCURRENT freed 499K, 7% free 7945K/8519K, paused 1ms+2ms
D/dalvikvm(10950): GC_CONCURRENT freed 497K, 7% free 7955K/8519K, paused 2ms+2ms
D/dalvikvm(10950): GC_CONCURRENT freed 496K, 8% free 7973K/8583K, paused 1ms+2ms
D/dalvikvm(10950): GC_CONCURRENT freed 554K, 8% free 7931K/8583K, paused 2ms+2ms
I/dalvikvm(10950): Total arena pages for JIT: 18
D/dalvikvm(10950): GC_CONCURRENT freed 502K, 8% free 7941K/8583K, paused 1ms+2ms
D/dalvikvm(10950): GC_CONCURRENT freed 502K, 8% free 7950K/8583K, paused 2ms+2ms
D/dalvikvm(10950): GC_CONCURRENT freed 502K, 8% free 7959K/8583K, paused 2ms+2ms
D/dalvikvm(10950): GC_CONCURRENT freed 502K, 8% free 7969K/8583K, paused 2ms+3ms
D/dalvikvm(10950): GC_CONCURRENT freed 476K, 7% free 7983K/8583K, paused 1ms+2ms
D/dalvikvm(10950): GC_FOR_ALLOC freed 368K, 7% free 7985K/8583K, paused 26ms
D/dalvikvm(10950): GC_CONCURRENT freed 463K, 7% free 8034K/8583K, paused 2ms+3ms
D/dalvikvm(10950): GC_CONCURRENT freed 506K, 7% free 8069K/8647K, paused 1ms+2ms
D/AlarmManager(10038): Triggered Alarm 4177d3c0 ELAPSED_REALTIME_WAKEUP IntentSe
nder{417b8718: PendingIntentRecord{41660aa0 com.google.android.apps.maps broadca
stIntent}}
I/Process (10038): Sending signal. PID: 10038 SIG: 3
I/dalvikvm(10038): threadid=3: reacting to signal 3
I/dalvikvm(10038): Wrote stack traces to '/data/anr/traces.txt'
I/Process (10038): Sending signal. PID: 10038 SIG: 3
I/dalvikvm(10038): threadid=3: reacting to signal 3
I/dalvikvm(10038): Wrote stack traces to '/data/anr/traces.txt'
I/Process (10038): Sending signal. PID: 10359 SIG: 3
I/dalvikvm(10359): threadid=3: reacting to signal 3
I/dalvikvm(10359): Wrote stack traces to '/data/anr/traces.txt'
W/ThrottleService(10038): unable to find stats for iface rmnet0
D/dalvikvm(10038): GC_FOR_ALLOC freed 832K, 10% free 16631K/18311K, paused 132ms
I/Process (10038): Sending signal. PID: 10038 SIG: 9
[B]W/Watchdog(10038): *** WATCHDOG KILLING SYSTEM PROCESS: com.android.server.am.Ac
tivityManagerService[/B]
I/ServiceManager( 105): service 'batteryinfo' died
I/ServiceManager( 105): service 'sensorservice' died
I/ServiceManager( 105): service 'usagestats' died
I/ServiceManager( 105): service 'power' died
I/ServiceManager( 105): service 'telephony.registry' died
I/ServiceManager( 105): service 'vibrator' died
I/ServiceManager( 105): service 'hardware' died
I/ServiceManager( 105): service 'alarm' died
I/ServiceManager( 105): service 'package' died
I/ServiceManager( 105): service 'activity' died
I/ServiceManager( 105): service 'meminfo' died
I/ServiceManager( 105): service 'gfxinfo' died
I/ServiceManager( 105): service 'cpuinfo' died
I/ServiceManager( 105): service 'permission' died
I/ServiceManager( 105): service 'account' died
I/ServiceManager( 105): service 'battery' died
I/ServiceManager( 105): service 'bluetooth_a2dp' died
I/ServiceManager( 105): service 'updatelauncher' died
I/ServiceManager( 105): service 'window' died
I/ServiceManager( 105): service 'content' died
I/ServiceManager( 105): service 'bluetooth' died
I/ServiceManager( 105): service 'entropy' died
I/ServiceManager( 105): service 'asus_dock' died
I/ServiceManager( 105): service 'backup' died
I/ServiceManager( 105): service 'appwidget' died
I/ServiceManager( 105): service 'diskstats' died
I/ServiceManager( 105): service 'input_method' died
I/ServiceManager( 105): service 'accessibility' died
I/ServiceManager( 105): service 'device_policy' died
I/ServiceManager( 105): service 'statusbar' died
I/ServiceManager( 105): service 'clipboard' died
I/ServiceManager( 105): service 'network_management' died
I/ServiceManager( 105): service 'textservices' died
I/ServiceManager( 105): service 'netstats' died
I/ServiceManager( 105): service 'netpolicy' died
I/ServiceManager( 105): service 'wifip2p' died
I/ServiceManager( 105): service 'wifi' died
I/ServiceManager( 105): service 'asus_firmware' died
I/ServiceManager( 105): service 'connectivity' died
I/ServiceManager( 105): service 'usb' died
I/ServiceManager( 105): service 'throttle' died
I/ServiceManager( 105): service 'mount' died
I/ServiceManager( 105): service 'uimode' died
I/ServiceManager( 105): service 'samplingprofiler' died
I/ServiceManager( 105): service 'notification' died
I/ServiceManager( 105): service 'devicestoragemonitor' died
I/ServiceManager( 105): service 'audio' died
I/ServiceManager( 105): service 'location' died
I/ServiceManager( 105): service 'country_detector' died
I/ServiceManager( 105): service 'search' died
I/ServiceManager( 105): service 'dropbox' died
I/ServiceManager( 105): service 'wallpaper' died
W/Sensors (10938): sensorservice died [0x19f9818]
W/Sensors (10359): sensorservice died [0x1a232c0]
W/Sensors (10195): sensorservice died [0x1a4d5a8]
I/ActivityThread(10938): Removing dead content provider: settings
I/ActivityThread(10359): Removing dead content provider: settings
I/ActivityThread(10195): Removing dead content provider: settings
I/ActivityThread(10195): Removing dead content provider: applock_mode
W/AudioFlinger(10000): power manager service died !!!
I/ActivityThread(10883): Removing dead content provider: settings
I/ActivityThread(10926): Removing dead content provider: settings
I/ActivityThread(10508): Removing dead content provider: settings
I/ActivityThread(10294): Removing dead content provider: settings
I/ActivityThread(10429): Removing dead content provider: settings
I/ActivityThread(10340): Removing dead content provider: settings
I/ActivityThread(10383): Removing dead content provider: applock_mode
W/dalvikvm(10383): threadid=10: thread exiting with uncaught exception (group=0x
40a3a1f8)
E/installd( 116): eof
E/installd( 116): failed to read size
I/installd( 116): closing connection
D/libEGL (11083): loaded /system/lib/egl/libEGL_tegra.so
D/libEGL (11083): loaded /system/lib/egl/libGLESv1_CM_tegra.so
D/libEGL (11083): loaded /system/lib/egl/libGLESv2_tegra.so
E/AndroidRuntime(10383): FATAL EXCEPTION: launcher-loader
E/AndroidRuntime(10383): java.lang.RuntimeException: Package manager has died
E/AndroidRuntime(10383): at android.app.ApplicationPackageManager.getAppl
icationInfo(ApplicationPackageManager.java:205)
E/AndroidRuntime(10383): at com.android.launcher2.ApplicationInfo.<init>(
ApplicationInfo.java:80)
E/AndroidRuntime(10383): at com.android.launcher2.LauncherModel$LoaderTas
k.loadAllAppsByBatch(LauncherModel.java:1439)
E/AndroidRuntime(10383): at com.android.launcher2.LauncherModel$LoaderTas
k.loadAndBindAllApps(LauncherModel.java:1337)
E/AndroidRuntime(10383): at com.android.launcher2.LauncherModel$LoaderTas
k.run(LauncherModel.java:856)
E/AndroidRuntime(10383): at android.os.Handler.handleCallback(Handler.jav
a:605)
E/AndroidRuntime(10383): at android.os.Handler.dispatchMessage(Handler.ja
va:92)
E/AndroidRuntime(10383): at android.os.Looper.loop(Looper.java:137)
E/AndroidRuntime(10383): at android.os.HandlerThread.run(HandlerThread.ja
va:60)
E/AndroidRuntime(10383): Caused by: android.os.DeadObjectException
E/AndroidRuntime(10383): at android.os.BinderProxy.transact(Native Method
)
E/AndroidRuntime(10383): at android.content.pm.IPackageManager$Stub$Proxy
.getApplicationInfo(IPackageManager.java:1388)
E/AndroidRuntime(10383): at android.app.ApplicationPackageManager.getAppl
icationInfo(ApplicationPackageManager.java:200)
E/AndroidRuntime(10383): ... 8 more
D/dalvikvm(10950): GC_CONCURRENT freed 502K, 7% free 8122K/8711K, paused 55ms+2m
s
E/AmazonAppstore.UpdateCommand(10950): Scheduling error retry in: 1800000 ms
C:\adb>
I'm not completely familiar with picking through logcats, but if I were to take a wild guess, I'd say that the "Watchdog killing system process" (which I've bolded) is not a good thing? any ideas?
Same EXACT issues this morning.
I am so glad I got on here and found someone with the same issue. Although I left mine on last night, it didn't completely kill both batteries... I've been going through the same thing. Stuck on lockscreen, sometimes lets me to the homescreen... (but no further or it reboots)
I'm still getting the reboots. I haven't unlocked it, but I rooted it using primetime a month ago. I used ota rootkeeper to go from .14 to .15. I ran titanium backup and it gave me a message saying that my su binary has non-optimal access rights, it rebooted before I could let titanium try to fix it. I decided to run primetime again to see if that would fix it. It rebooted once, then stayed up for 10 minutes (long enough to run a backup with titanium)
I managed to grab another logcat from one of the latest reboots.
Code:
D/dalvikvm( 8654): DexOpt: not verifying/optimizing 'Lorg/apache/commons/codec/b
inary/Hex;': multiple definitions
I/dalvikvm( 8654): DexOpt: not resolving ambiguous class 'Lorg/apache/commons/co
dec/binary/Hex;'
D/dalvikvm( 8654): DexOpt: load 224ms, verify+opt 1639ms
I/Sensors ( 1649): **** No Motion ****
W/InputManagerService( 1649): Window already focused, ignoring focus gain of: co
m.android.internal.view.IInputMethodClient$St[email protected]
I/Sensors ( 1649): **** Motion ****
D/dalvikvm( 1786): GC_CONCURRENT freed 886K, 63% free 9353K/24647K, paused 2ms+4
ms
D/dalvikvm( 8204): GC_CONCURRENT freed 2193K, 16% free 20952K/24775K, paused 3ms
+14ms
D/dalvikvm( 3795): GC_EXPLICIT freed 200K, 8% free 6732K/7303K, paused 2ms+2ms
I/ActivityManager( 1649): Force stopping package com.timsu.astrid uid=10125
W/PackageManager( 1649): Code path for pkg : com.timsu.astrid changing from /dat
a/app/com.timsu.astrid-1.apk to /data/app/com.timsu.astrid-2.apk
W/PackageManager( 1649): Resource path for pkg : com.timsu.astrid changing from
/data/app/com.timsu.astrid-1.apk to /data/app/com.timsu.astrid-2.apk
F/PackageManager( 1649): Unable to backup package manager settings, current cha
nges will be lost at reboot
D/dalvikvm( 3964): GC_CONCURRENT freed 395K, 7% free 7878K/8391K, paused 2ms+4ms
I/qtaguid ( 2235): Failed write_ctrl(u 88) res=-1 errno=22
I/qtaguid ( 2235): Untagging socket 88 failed errno=-22
W/NetworkManagementSocketTagger( 2235): untagSocket(88) failed with errno -22
I/InputDispatcher( 1649): Application is not responding: Window{419dc0e0 com.and
roid.vending/com.android.vending.AssetBrowserActivity paused=false}. 5005.6ms s
ince event, 5005.0ms since wait started
I/WindowManager( 1649): Input event dispatching timed out sending to com.android
.vending/com.android.vending.AssetBrowserActivity
I/Sensors ( 1649): **** No Motion ****
I/Sensors ( 1649): **** Motion ****
I/Sensors ( 1649): **** No Motion ****
I/Sensors ( 1649): **** Motion ****
I/Process ( 1649): Sending signal. PID: 1649 SIG: 3
I/dalvikvm( 1649): threadid=3: reacting to signal 3
I/dalvikvm( 1649): Wrote stack traces to '/data/anr/traces.txt'
I/Sensors ( 1649): **** No Motion ****
I/Process ( 1649): Sending signal. PID: 1649 SIG: 3
I/dalvikvm( 1649): threadid=3: reacting to signal 3
I/dalvikvm( 1649): Wrote stack traces to '/data/anr/traces.txt'
I/Process ( 1649): Sending signal. PID: 1950 SIG: 3
I/dalvikvm( 1950): threadid=3: reacting to signal 3
I/dalvikvm( 1950): Wrote stack traces to '/data/anr/traces.txt'
D/dalvikvm( 1649): GC_FOR_ALLOC freed 2969K, 18% free 18851K/22791K, paused 127m
s
I/Process ( 1649): Sending signal. PID: 1649 SIG: 9
W/Watchdog( 1649): *** WATCHDOG KILLING SYSTEM PROCESS: com.android.server.am.Ac
tivityManagerService
D/Volley ( 8204): [1] Request.finish: 89451 ms: [ ] https://android.clients.goo
gle.com/vending/api/ApiRequest LOW 312 GetImageRequestProto
W/AudioFlinger( 1612): power manager service died !!!
W/Sensors ( 1950): sensorservice died [0x1346390]
W/Sensors ( 1786): sensorservice died [0x1300500]
I/ActivityThread( 1950): Removing dead content provider: settings
I/ActivityThread( 1786): Removing dead content provider: settings
I/ActivityThread( 1786): Removing dead content provider: applock_mode
I/ActivityThread( 8621): Removing dead content provider: settings
I/ActivityThread( 8470): Removing dead content provider: settings
I/ServiceManager( 103): service 'appwidget' died
I/ServiceManager( 103): service 'bluetooth' died
I/ServiceManager( 103): service 'alarm' died
I/ServiceManager( 103): service 'usagestats' died
I/ServiceManager( 103): service 'power' died
I/ServiceManager( 103): service 'package' died
I/ServiceManager( 103): service 'activity' died
I/ServiceManager( 103): service 'meminfo' died
I/ServiceManager( 103): service 'gfxinfo' died
I/ServiceManager( 103): service 'cpuinfo' died
I/ServiceManager( 103): service 'permission' died
I/ServiceManager( 103): service 'entropy' died
I/ServiceManager( 103): service 'batteryinfo' died
I/ServiceManager( 103): service 'battery' died
I/ServiceManager( 103): service 'vibrator' died
I/ServiceManager( 103): service 'telephony.registry' died
I/ServiceManager( 103): service 'sensorservice' died
I/ServiceManager( 103): service 'content' died
I/ServiceManager( 103): service 'backup' died
I/ServiceManager( 103): service 'samplingprofiler' died
I/ServiceManager( 103): service 'updatelauncher' died
I/ServiceManager( 103): service 'account' died
I/ServiceManager( 103): service 'window' died
I/ServiceManager( 103): service 'bluetooth_a2dp' died
I/ServiceManager( 103): service 'network_management' died
I/ServiceManager( 103): service 'uimode' died
I/ServiceManager( 103): service 'input_method' died
I/ServiceManager( 103): service 'accessibility' died
I/ServiceManager( 103): service 'device_policy' died
I/ServiceManager( 103): service 'statusbar' died
I/ServiceManager( 103): service 'clipboard' died
I/ServiceManager( 103): service 'textservices' died
I/ServiceManager( 103): service 'netstats' died
I/ServiceManager( 103): service 'netpolicy' died
I/ServiceManager( 103): service 'wifip2p' died
I/ServiceManager( 103): service 'wifi' died
I/ServiceManager( 103): service 'connectivity' died
I/ServiceManager( 103): service 'throttle' died
I/ServiceManager( 103): service 'mount' died
I/ServiceManager( 103): service 'asus_firmware' died
I/ServiceManager( 103): service 'usb' died
I/ServiceManager( 103): service 'audio' died
I/ServiceManager( 103): service 'diskstats' died
I/ServiceManager( 103): service 'notification' died
I/ServiceManager( 103): service 'devicestoragemonitor' died
I/ServiceManager( 103): service 'location' died
I/ServiceManager( 103): service 'country_detector' died
I/ServiceManager( 103): service 'search' died
I/ServiceManager( 103): service 'dropbox' died
I/ServiceManager( 103): service 'wallpaper' died
I/ServiceManager( 103): service 'hardware' died
I/ServiceManager( 103): service 'asus_dock' died
W/AudioFlinger( 1612): session id 3 not found for pid 1612
I/ActivityThread( 8204): Removing dead content provider: settings
I/ActivityThread( 1976): Removing dead content provider: settings
I/ActivityThread( 1976): Removing dead content provider: applock_mode
I/ActivityThread( 1962): Removing dead content provider: settings
I/ActivityThread( 1873): Removing dead content provider: settings
D/Volley ( 8204): [1] Request.finish: 89398 ms: [ ] https://android.clients.goo
gle.com/vending/api/ApiRequest LOW 315 GetImageRequestProto
W/Sensors ( 2516): sensorservice died [0x131b888]
I/ActivityThread( 2516): Removing dead content provider: settings
I/ActivityThread( 8599): Removing dead content provider: settings
I/ActivityThread( 8489): Removing dead content provider: settings
W/AccountAuthenticator( 3795): getAuthToken(Account {[email protected],
type=com.google},androidsecure)
W/AccountAuthenticator( 3795): java.lang.RuntimeException: android.os.DeadObject
Exception
W/AccountAuthenticator( 3795): at android.accounts.AccountManager.getAccountsBy
Type(AccountManager.java:403)
W/AccountAuthenticator( 3795): at com.google.android.gsf.loginservice.GLSUser.g
et(GLSUser.java:1132)
W/AccountAuthenticator( 3795): at com.google.android.gsf.loginservice.GLSUser.g
et(GLSUser.java:1114)
W/AccountAuthenticator( 3795): at com.google.android.gsf.loginservice.GoogleLog
inService$AccountAuthenticatorImpl.getAuthToken(GoogleLoginService.java:303)
W/AccountAuthenticator( 3795): at android.accounts.AbstractAccountAuthenticator
$Transport.getAuthToken(AbstractAccountAuthenticator.java:196)
W/AccountAuthenticator( 3795): at android.accounts.IAccountAuthenticator$Stub.o
nTransact(IAccountAuthenticator.java:113)
W/AccountAuthenticator( 3795): at android.os.Binder.execTransact(Binder.java:33
8)
W/AccountAuthenticator( 3795): at dalvik.system.NativeStart.run(Native Method)
W/AccountAuthenticator( 3795): Caused by: android.os.DeadObjectException
W/AccountAuthenticator( 3795): at android.os.BinderProxy.transact(Native Method
)
W/AccountAuthenticator( 3795): at android.accounts.IAccountManager$Stub$Proxy.g
etAccounts(IAccountManager.java:474)
W/AccountAuthenticator( 3795): at android.accounts.AccountManager.getAccountsBy
Type(AccountManager.java:400)
W/AccountAuthenticator( 3795): ... 7 more
E/JavaBinder( 3795): *** Uncaught remote exception! (Exceptions are not yet sup
ported across processes.)
E/JavaBinder( 3795): java.lang.RuntimeException: android.os.DeadObjectException
E/JavaBinder( 3795): at android.os.Parcel.writeException(Parcel.java:1228)
E/JavaBinder( 3795): at android.os.Binder.execTransact(Binder.java:340)
E/JavaBinder( 3795): at dalvik.system.NativeStart.run(Native Method)
E/JavaBinder( 3795): Caused by: android.os.DeadObjectException
E/JavaBinder( 3795): at android.os.BinderProxy.transact(Native Method)
E/JavaBinder( 3795): at android.accounts.IAccountAuthenticatorResponse$Stub$P
roxy.onError(IAccountAuthenticatorResponse.java:132)
E/JavaBinder( 3795): at android.accounts.AbstractAccountAuthenticator.handleE
xception(AbstractAccountAuthenticator.java:301)
E/JavaBinder( 3795): at android.accounts.AbstractAccountAuthenticator.access$
100(AbstractAccountAuthenticator.java:108)
E/JavaBinder( 3795): at android.accounts.AbstractAccountAuthenticator$Transpo
rt.getAuthToken(AbstractAccountAuthenticator.java:207)
E/JavaBinder( 3795): at android.accounts.IAccountAuthenticator$Stub.onTransac
t(IAccountAuthenticator.java:113)
E/JavaBinder( 3795): at android.os.Binder.execTransact(Binder.java:338)
E/JavaBinder( 3795): ... 1 more
I/ActivityThread( 2956): Removing dead content provider: settings
I/ActivityThread( 8565): Removing dead content provider: settings
I/ActivityThread( 3964): Removing dead content provider: settings
I/ActivityThread( 2857): Removing dead content provider: settings
E/SurfaceTexture( 108): [com.android.vending/com.android.vending.AssetBrowserAc
tivity] dequeueBuffer: SurfaceTexture has been abandoned!
W/nvwsi ( 8204): dequeueBuffer failed, error -19
D/OpenGLRenderer( 8204): GL error from OpenGLRenderer: 0x506
F/libc ( 8204): Fatal signal 11 (SIGSEGV) at 0x00000008 (code=1)
D/AndroidRuntime( 2745): Shutting down VM
W/dalvikvm( 2745): threadid=1: thread exiting with uncaught exception (group=0x4
0a381f8)
E/AndroidRuntime( 2745): FATAL EXCEPTION: main
E/AndroidRuntime( 2745): java.lang.RuntimeException: system server dead?
E/AndroidRuntime( 2745): at android.appwidget.AppWidgetManager.getAppWidg
etIds(AppWidgetManager.java:516)
E/AndroidRuntime( 2745): at com.asus.taskwidget.TaskWidgetProvider.notify
RemoteViews(TaskWidgetProvider.java:102)
E/AndroidRuntime( 2745): at com.asus.taskwidget.TaskWidgetDataUtils.onRef
reshUi(TaskWidgetDataUtils.java:486)
E/AndroidRuntime( 2745): at com.asus.taskwidget.RunningState$1.handleMess
age(RunningState.java:195)
E/AndroidRuntime( 2745): at android.os.Handler.dispatchMessage(Handler.ja
va:99)
E/AndroidRuntime( 2745): at android.os.Looper.loop(Looper.java:137)
E/AndroidRuntime( 2745): at android.app.ActivityThread.main(ActivityThrea
d.java:4424)
E/AndroidRuntime( 2745): at java.lang.reflect.Method.invokeNative(Native
Method)
E/AndroidRuntime( 2745): at java.lang.reflect.Method.invoke(Method.java:5
11)
E/AndroidRuntime( 2745): at com.android.internal.os.ZygoteInit$MethodAndA
rgsCaller.run(ZygoteInit.java:784)
E/AndroidRuntime( 2745): at com.android.internal.os.ZygoteInit.main(Zygot
eInit.java:551)
E/AndroidRuntime( 2745): at dalvik.system.NativeStart.main(Native Method)
E/AndroidRuntime( 2745): Caused by: android.os.DeadObjectException
E/AndroidRuntime( 2745): at android.os.BinderProxy.transact(Native Method
)
E/AndroidRuntime( 2745): at com.android.internal.appwidget.IAppWidgetServ
ice$Stub$Proxy.getAppWidgetIds(IAppWidgetService.java:635)
E/AndroidRuntime( 2745): at android.appwidget.AppWidgetManager.getAppWidg
etIds(AppWidgetManager.java:513)
E/AndroidRuntime( 2745): ... 11 more
I/Process ( 2745): Sending signal. PID: 2745 SIG: 9
E/AndroidRuntime( 2745): Error reporting crash
E/AndroidRuntime( 2745): android.os.DeadObjectException
E/AndroidRuntime( 2745): at android.os.BinderProxy.transact(Native Method
)
E/AndroidRuntime( 2745): at android.app.ActivityManagerProxy.handleApplic
ationCrash(ActivityManagerNative.java:2885)
E/AndroidRuntime( 2745): at com.android.internal.os.RuntimeInit$UncaughtH
andler.uncaughtException(RuntimeInit.java:72)
E/AndroidRuntime( 2745): at java.lang.ThreadGroup.uncaughtException(Threa
dGroup.java:693)
E/AndroidRuntime( 2745): at java.lang.ThreadGroup.uncaughtException(Threa
dGroup.java:690)
E/AndroidRuntime( 2745): at dalvik.system.NativeStart.main(Native Method)
D/dalvikvm( 2235): GC_EXPLICIT freed 397K, 49% free 6845K/13383K, paused 2ms+3ms
D/libEGL ( 8717): loaded /system/lib/egl/libEGL_tegra.so
D/libEGL ( 8717): loaded /system/lib/egl/libGLESv1_CM_tegra.so
D/libEGL ( 8717): loaded /system/lib/egl/libGLESv2_tegra.so
I/DEBUG ( 1615): *** *** *** *** *** *** *** *** *** *** *** *** *** *** *** *
**
I/DEBUG ( 1615): Build fingerprint: 'asus/US_epad/TF201:4.0.3/IML74K/US_epad-9
.4.2.15-20120221:user/release-keys'
I/DEBUG ( 1615): pid: 8204, tid: 8204 >>> com.android.vending <<<
I/DEBUG ( 1615): signal 11 (SIGSEGV), code 1 (SEGV_MAPERR), fault addr 0000000
8
I/DEBUG ( 1615): r0 00000000 r1 00000001 r2 013d39e8 r3 00000001
I/DEBUG ( 1615): r4 0138c328 r5 00000000 r6 00000000 r7 00000000
I/DEBUG ( 1615): r8 00000000 r9 00000000 10 00000000 fp bef514e4
I/DEBUG ( 1615): ip bef51444 sp bef51100 lr bef51344 pc 5b00a938 cpsr 800
00030
I/DEBUG ( 1615): d0 3f80000000000000 d1 430c0000bf800000
I/DEBUG ( 1615): d2 00000000448e8000 d3 000002f0443c0000
I/DEBUG ( 1615): d4 3f8000003e0c0000 d5 000000003f800000
I/DEBUG ( 1615): d6 bf8000003f59df52 d7 3f8000003f800000
I/DEBUG ( 1615): d8 3f8000003f800000 d9 43a6800000000000
I/DEBUG ( 1615): d10 0000000000000000 d11 0000000000000000
I/DEBUG ( 1615): d12 4290000043a68000 d13 0000000000000000
I/DEBUG ( 1615): d14 0000000000000000 d15 0000000000000000
I/DEBUG ( 1615): d16 0000000000000000 d17 3ff0000000000000
I/DEBUG ( 1615): d18 0000000000000000 d19 3fe99999a0000000
I/DEBUG ( 1615): d20 0000000000000000 d21 0000000000000000
I/DEBUG ( 1615): d22 3ff0000000000000 d23 0000000000000000
I/DEBUG ( 1615): d24 0000000000000000 d25 3fe99999a0000000
I/DEBUG ( 1615): d26 0000000000000000 d27 3fe99999a0000000
I/DEBUG ( 1615): d28 bffecd314000a64c d29 3ff0000000000000
I/DEBUG ( 1615): d30 0000000000000000 d31 3ff0000000000000
I/DEBUG ( 1615): scr 28000013
I/DEBUG ( 1615):
E/installd( 114): eof
E/installd( 114): failed to read size
I/installd( 114): closing connection
E/InputQueue-JNI( 1786): channel '41624df0 NotificationPanel (client)' ~ Publish
er closed input channel or an error occurred. events=0x8
E/InputQueue-JNI( 1786): channel '41aa9118 RecentsPanel (client)' ~ Publisher cl
osed input channel or an error occurred. events=0x8
E/InputQueue-JNI( 1786): channel '41a51cd0 com.android.systemui.ImageWallpaper (
client)' ~ Publisher closed input channel or an error occurred. events=0x8
E/InputQueue-JNI( 1976): channel '4181f420 com.android.launcher/com.android.laun
cher2.Launcher (client)' ~ Publisher closed input channel or an error occurred.
events=0x8
E/InputQueue-JNI( 1962): channel '41a10050 InputMethod (client)' ~ Publisher clo
sed input channel or an error occurred. events=0x8
E/InputQueue-JNI( 1786): channel '41310f88 InputMethodsPanel (client)' ~ Publish
er closed input channel or an error occurred. events=0x8
E/InputQueue-JNI( 1786): channel '417e23d0 CompatModePanel (client)' ~ Publisher
closed input channel or an error occurred. events=0x8
E/InputQueue-JNI( 1786): channel '416dee30 StatusBar (client)' ~ Publisher close
d input channel or an error occurred. events=0x8
I/Zygote ( 1614): Exit zygote because system server (1649) has terminated
I/ServiceManager( 103): service 'media.audio_flinger' died
I/ServiceManager( 103): service 'media.player' died
I/ServiceManager( 103): service 'media.camera' died
I/ServiceManager( 103): service 'media.audio_policy' died
I/ServiceManager( 103): service 'simphonebook' died
I/ServiceManager( 103): service 'sip' died
I/ServiceManager( 103): service 'isms' died
I/ServiceManager( 103): service 'phone' died
I/ServiceManager( 103): service 'iphonesubinfo' died
I/Netd ( 8727): Netd 1.0 starting
C:\adb>

[Q] FC Issue on Browser AOKP B40 Logcat

Hi Guys
Basically im a part time dev/porter and I need some help I have a ROM (look at sig) and its on build 37 of AOKP at the minute and there are no FC problems with the browser. Now Ive tried to update to the latest build 40 and even on build 38 and 39 for that matter and I keep getting this Force close issue on the stock browser and other 3rd party browsers, ive included the logcat of the event below but I have no idea what it means any help would be great full thanks
Rueben
Code:
E/libEGL ( 1026): call to OpenGL ES API with no current context (logged once per thread)
D/ShaderProgram( 1026): couldn't load the vertex shader!
E/libEGL ( 1026): call to OpenGL ES API with no current context (logged once per thread)
D/ShaderProgram( 1026): couldn't load the vertex shader!
I/dalvikvm( 1026): Wrote stack traces to '/data/anr/traces.txt'
D/WebViewTimersControl( 1026): onBrowserActivityResume
D/WebViewTimersControl( 1026): Resuming webview timers, [email protected]
W/BaseUi ( 1026): mMainView is already attached to wrapper in attachTabToContentView!
W/BaseUi ( 1026): mContainer is already attached to content in attachTabToContentView!
V/NFC ( 1026): this device does not have NFC support
I/ActivityManager( 204): Displayed com.android.browser/.BrowserActivity: +796ms
D/dalvikvm( 1026): GC_CONCURRENT freed 82K, 8% free 3678K/3975K, paused 2ms+2ms
D/dalvikvm( 1026): GC_FOR_ALLOC freed 10K, 8% free 3668K/3975K, paused 17ms
I/dalvikvm-heap( 1026): Grow heap (frag case) to 4.360MB for 656656-byte allocation
D/dalvikvm( 1026): GC_FOR_ALLOC freed 0K, 8% free 4309K/4679K, paused 16ms
W/NetworkManagementSocketTagger( 204): setKernelCountSet(10021, 0) failed with errno -2
W/dalvikvm( 1026): No implementation found for native Landroid/webkit/WebViewCore;.nativeGetTextureGeneratorThreadID ()I
W/dalvikvm( 1026): threadid=18: thread exiting with uncaught exception (group=0x409fa1f8)
E/AndroidRuntime( 1026): FATAL EXCEPTION: WebViewCoreThread
E/AndroidRuntime( 1026): java.lang.UnsatisfiedLinkError: nativeGetTextureGeneratorThreadID
E/AndroidRuntime( 1026): at android.webkit.WebViewCore.nativeGetTextureGeneratorThreadID(Native Method)
E/AndroidRuntime( 1026): at android.webkit.WebViewCore.access$800(WebViewCore.java:60)
E/AndroidRuntime( 1026): at android.webkit.WebViewCore$WebCoreThread$1.handleMessage(WebViewCore.java:709)
E/AndroidRuntime( 1026): at android.os.Handler.dispatchMessage(Handler.java:99)
E/AndroidRuntime( 1026): at android.os.Looper.loop(Looper.java:137)
E/AndroidRuntime( 1026): at android.webkit.WebViewCore$WebCoreThread.run(WebViewCore.java:789)
E/AndroidRuntime( 1026): at java.lang.Thread.run(Thread.java:856)
W/ActivityManager( 204): Force finishing activity com.android.browser/.BrowserActivity
D/dalvikvm( 204): GC_FOR_ALLOC freed 472K, 34% free 5944K/8903K, paused 65ms
D/WebViewTimersControl( 1026): onBrowserActivityPause
D/WebViewTimersControl( 1026): Pausing webview timers, [email protected]
W/NetworkManagementSocketTagger( 204): setKernelCountSet(10021, 1) failed with errno -2
W/NetworkManagementSocketTagger( 204): setKernelCountSet(10006, 0) failed with errno -2
D/webviewglue( 1026): nativeDestroy view: 0x2c7570
D/AudioHardwareALSA( 131): Inside AudioStreamOutALSA::standby
V/AudioHardwareALSA( 131): ALSAStreamOps::close()
I/AudioHardwareALSA( 131): Output standby called!!. Turn off PCM device.
I/Process ( 1026): Sending signal. PID: 1026 SIG: 9
D/AudioHardwareALSA( 131): Calling setDevice from write @..2348.
I/AudioHardwareALSA( 131): Initialized ALSA PLAYBACK device AndroidPlayback_Speaker_normal
V/AudioHardwareALSA( 131): Set PLAYBACK PCM format to S16_LE (Signed 16 bit Little Endian)
D/AudioHardwareALSA( 131): Using 2 channels for PLAYBACK.
I/AudioHardwareALSA( 131): DEFAULT_SAMPLE_RATE is 44100, mDefaults->sampleRate is 44100
D/AudioHardwareALSA( 131): Set PLAYBACK sample rate to 44100 HZ
D/AudioHardwareALSA( 131): Buffer size: 4096
D/AudioHardwareALSA( 131): Latency: 92879
I/ActivityManager( 204): Process com.android.browser (pid 1026) has died.
FULL LOGCAT BELOW
Anyone can you help me ?

[Q] Simple Service Force Stopping Package

OS: Ice Cream Sandwich
Device: Motorola Xoom
I am having issues with a simple service not running correctly.
The logcat shows some force stopping on the installed apk. Also the broadcast receiver should listen to android.intent.action.ACTION_POWER_CONNECTED but it is not. Any insight?
This all worked on froyo 2.2 on a samsung galaxy tab.
Here is the snippet from logcat when I do an 'adb install testService.apk:
Code:
D/AndroidRuntime(15251):
D/AndroidRuntime(15251): >>>>>> AndroidRuntime START com.android.internal.os.RuntimeInit <<<<<<
D/AndroidRuntime(15251): CheckJNI is OFF
D/AndroidRuntime(15251): Calling main entry com.android.commands.pm.Pm
I/ActivityManager( 153): Start proc com.android.defcontainer for service com.android.defcontainer/.DefaultContainerService: pid=15261 uid=10010 gids={1015, 2001}
W/PackageManager( 153): Couldn't get low memory threshold; no free limit imposed
W/ActivityManager( 153): No content provider found for permission revoke: file:///data/local/tmp/testService.apk
W/ActivityManager( 153): No content provider found for permission revoke: file:///data/local/tmp/testService.apk
I/PackageManager( 153): Running dexopt on: com.example.testservice
D/dalvikvm(15275): DexOpt: load 4ms, verify+opt 1ms
I/ActivityManager( 153): Force stopping package com.example.testservice uid=10014
D/PackageManager( 153): New package installed in /data/app/com.example.testservice-1.apk
D/PackageManager( 153): generateServicesMap(android.accounts.AccountAuthenticator): 3 services unchanged
D/PackageManager( 153): generateServicesMap(android.content.SyncAdapter): 11 services unchanged
I/ActivityManager( 153): Start proc com.android.voicedialer for broadcast com.android.voicedialer/.VoiceDialerReceiver: pid=15276 uid=10037 gids={3002}
W/ResourceType( 153): Failure getting entry for 0x7f060000 (t=5 e=0) in package 0 (error -75)
D/dalvikvm( 153): GC_CONCURRENT freed 1216K, 16% free 9901K/11783K, paused 3ms+7ms
D/dalvikvm(15276): Debugger has detached; object registry had 1 entries
D/BackupManagerService( 153): Received broadcast Intent { act=android.intent.action.PACKAGE_ADDED dat=package:com.example.testservice flg=0x10000010 (has extras) }
V/BackupManagerService( 153): addPackageParticipantsLocked: com.example.testservice
I/ActivityManager( 153): Start proc com.android.musicfx for broadcast com.android.musicfx/.Compatibility$Receiver: pid=15289 uid=10022 gids={3003, 3002}
I/ActivityManager( 153): Start proc com.svox.pico for broadcast com.svox.pico/.VoiceDataInstallerReceiver: pid=15303 uid=10025 gids={1015}
I/ActivityThread(15303): Pub com.svox.pico.providers.SettingsProvider: com.svox.pico.providers.SettingsProvider
I/ActivityManager( 153): Start proc com.google.android.partnersetup for broadcast com.google.android.partnersetup/.RlzPingBroadcastReceiver: pid=15318 uid=10049 gids={3003}
I/ActivityManager( 153): No longer want com.google.android.googlequicksearchbox (pid 1229): hidden #16
I/ActivityThread(15318): Pub com.google.android.partnersetup.rlzprovider: com.google.android.partnersetup.RlzProvider
I/ActivityThread(15318): Pub com.google.android.partnersetup.rlzappprovider: com.google.android.partnersetup.RlzAppProvider
D/dalvikvm( 153): GC_EXPLICIT freed 538K, 17% free 9866K/11783K, paused 2ms+11ms
D/AndroidRuntime(15251): Shutting down VM
I/AndroidRuntime(15251): NOTE: attach of thread 'Binder Thread #3' failed
D/dalvikvm(15251): GC_CONCURRENT freed 101K, 83% free 457K/2560K, paused 1ms+0ms
D/jdwp (15251): Got wake-up signal, bailing out of select
D/dalvikvm(15251): Debugger has detached; object registry had 1 entries
I/ActivityManager( 153): Start proc com.google.android.googlequicksearchbox for broadcast com.google.android.googlequicksearchbox/.SourceUpdateReceiver: pid=15333 uid=10048 gids={3003}
I/ActivityManager( 153): No longer want com.android.bluetooth (pid 1661): hidden #16
W/ActivityManager( 153): Scheduling restart of crashed service com.android.bluetooth/.pbap.BluetoothPbapService in 5000ms
W/ActivityManager( 153): Scheduling restart of crashed service com.android.bluetooth/.opp.BluetoothOppService in 14999ms
I/ActivityThread(15333): Pub com.google.android.googlequicksearchbox.shortcuts: com.google.android.googlequicksearchbox.WebHistoryProvider
I/ActivityThread(15333): Pub com.google.android.googlequicksearchbox.google: com.google.android.googlequicksearchbox.google.GoogleSuggestionProvider
I/ActivityManager( 153): No longer want com.google.android.apps.uploader (pid 3836): hidden #16
I/ActivityManager( 153): Start proc com.android.bluetooth for service com.android.bluetooth/.pbap.BluetoothPbapService: pid=15354 uid=10003 gids={3003, 3002, 3001, 1015}
I/ActivityThread(15354): Pub com.android.bluetooth.opp: com.android.bluetooth.opp.BluetoothOppProvider
I/ActivityManager( 153): No longer want com.android.browser (pid 1455): hidden #16
I/BtOppRfcommListener(15354): Accept thread started on channel 12
W/PowerUI ( 225): unknown intent: Intent { act=android.intent.action.ACTION_POWER_CONNECTED flg=0x10000010 }
D/dalvikvm( 225): GC_CONCURRENT freed 384K, 61% free 7755K/19399K, paused 6ms+4ms
W/PowerUI ( 225): unknown intent: Intent { act=android.intent.action.ACTION_POWER_CONNECTED flg=0x10000010 }
D/dalvikvm( 153): GC_CONCURRENT freed 781K, 17% free 9810K/11783K, paused 8ms+5ms
D/Smack ( 298): [[email protected]] create socket connection(mtalk.google.com, 5228)
Here is my broadcastReciever.
Code:
package com.example.testservice;
import android.content.BroadcastReceiver;
import android.content.Context;
import android.content.Intent;
import android.util.Log;
public class myApplicationReceiver extends BroadcastReceiver {
@Override
public void onReceive(Context context, Intent intent) {
// TODO Auto-generated method stub
Log.i("TESTING-receiver",intent.getAction());
}
}
and here is my manifest:
Code:
<manifest xmlns:android="http://schemas.android.com/apk/res/android"
package="com.example.testservice"
android:versionCode="1"
android:versionName="1.0">
<uses-sdk android:minSdkVersion="15" android:targetSdkVersion="15" />
<application android:label="@string/app_name"
android:icon="@drawable/ic_launcher"
android:theme="@style/AppTheme">
<receiver android:name="myApplicationReceiver">
<intent-filter>
<action android:name="android.intent.action.ACTION_POWER_CONNECTED"/>
</intent-filter>
</receiver>
</application>
</manifest>
Questions or Problems Should Not Be Posted in the Development Forum
Please Post in the Correct Forums & Read the Forum Rules
Thanks ✟
Moving to Q&A

ICS Bluetooth issue

I'm just porting ICS to my device(HTC magic).
I have problem with bluetooth. It's turning on and off correctly(Ithink), but I can't connect with any device... My phone can't see any device, and, any device can't see my phone. Here's log:
Code:
W/NetworkManagementSocketTagger( 199): setKernelCountSet(10016, 0) failed with errno -2
D/dalvikvm( 471): GC_FOR_ALLOC freed 2297K, 46% free 6655K/12163K, paused 332ms
I/ActivityManager( 199): Process android.process.acore (pid 1065) has died.
D/dalvikvm( 471): GC_FOR_ALLOC freed 3092K, 57% free 5332K/12163K, paused 47ms
V/AudioHardwareMSM72XX( 95): open driver
V/AudioHardwareMSM72XX( 95): get config
V/AudioHardwareMSM72XX( 95): set config
V/AudioHardwareMSM72XX( 95): buffer_size: 4800
V/AudioHardwareMSM72XX( 95): buffer_count: 2
V/AudioHardwareMSM72XX( 95): channel_count: 2
V/AudioHardwareMSM72XX( 95): sample_rate: 44100
I/ActivityManager( 199): START {act=android.intent.action.MAIN cat=[android.intent.category.LAUNCHER] flg=0x10200000 cmp=com.alensw.PicFolder/.GalleryActivity} from pid 471
D/dalvikvm( 199): GC_FOR_ALLOC freed 186K, 46% free 5573K/10243K, paused 170ms
I/ActivityManager( 199): Start proc com.alensw.PicFolder for activity com.alensw.PicFolder/.GalleryActivity: pid=1105 uid=10011 gids={1015}
I/PackageManager( 199): Running dexopt on: com.alensw.PicFolder
W/NetworkManagementSocketTagger( 199): setKernelCountSet(10011, 1) failed with errno -2
I/Process ( 199): Sending signal. PID: 1105 SIG: 3
I/dalvikvm( 1105): threadid=3: reacting to signal 3
I/dalvikvm( 1105): Wrote stack traces to '/data/anr/traces.txt'
I/ActivityThread( 1105): Pub com.alensw.PicFolder.FileProvider: com.alensw.PicFolder.FileProvider
I/BitmapUtils( 1105): init:32, 10666667, 4000000
I/Process ( 199): Sending signal. PID: 1105 SIG: 3
I/dalvikvm( 1105): threadid=3: reacting to signal 3
I/dalvikvm( 1105): Wrote stack traces to '/data/anr/traces.txt'
D/dalvikvm( 1105): GC_CONCURRENT freed 139K, 74% free 815K/3075K, paused 2ms+3ms
D/dalvikvm( 1105): No JNI_OnLoad found in /system/lib/libqpicjni92.so 0x40cd7e18, skipping init
I/Process ( 199): Sending signal. PID: 1105 SIG: 3
I/dalvikvm( 1105): threadid=3: reacting to signal 3
I/dalvikvm( 1105): Wrote stack traces to '/data/anr/traces.txt'
I/Process ( 199): Sending signal. PID: 1105 SIG: 3
I/dalvikvm( 1105): threadid=3: reacting to signal 3
I/dalvikvm( 1105): Wrote stack traces to '/data/anr/traces.txt'
D/ThumbLibrary( 1105): thumbnail size: 100x100, 154x154
I/dalvikvm( 1105): threadid=1: recursive native library load attempt (/system/lib/libmedia_jni.so)
D/MtpDeviceJNI( 1105): register_android_mtp_MtpDevice
I/dalvikvm( 1105): threadid=1: recursive native library load attempt (/system/lib/libmedia_jni.so)
